{"id":8326,"date":"2025-01-20T12:33:08","date_gmt":"2025-01-20T12:33:08","guid":{"rendered":"https:\/\/www.literartefestival.com\/?post_type=mec-events&#038;p=8326"},"modified":"2025-02-07T09:37:44","modified_gmt":"2025-02-07T09:37:44","slug":"propuesta-teatral-viaje-a-la-nada-en-la-biblioteca-de-puente-la-reina-gares","status":"publish","type":"mec-events","link":"https:\/\/litercreartefestival.com\/eu\/events\/propuesta-teatral-viaje-a-la-nada-en-la-biblioteca-de-puente-la-reina-gares\/","title":{"rendered":"Propuesta teatral \u00abViaje a la nada\u00bb en la Biblioteca de Puente la Reina-Gares (Zona Infantil)"},"content":{"rendered":"<p><a href=\"https:\/\/litercreartefestival.com\/eu\/show-item\/viaje-a-la-nada\/\"><strong><em>Bidaia ezerezera<\/em><\/strong><\/a>\u00a0es un recorrido, un tr\u00e1nsito por cuatro historias que nos acercan diferentes realidades que convergen en un lugar com\u00fan; el extra\u00f1o camino del devenir humano.\u00a0<strong><em>Bidaia ezerezera\u00a0<\/em><\/strong>es una propuesta que nace de la mano de dos dramaturgas y dos dramaturgos para ense\u00f1arnos que, a lo mejor, nada tiene demasiada importancia. El punto de partida es la novela\u00a0<strong><em>Nada<\/em><\/strong>, de Carmen Laforet, de la que Ventura Ruiz ha investigado en su particular<strong>\u00a0<em>Nada.<\/em><\/strong>\u00a0<strong><em>Lejos<\/em><\/strong>, de Rosa Ribas, ha servido a Ana Maestroju\u00e1n para describir lo\u00a0<strong><em>Cerca<\/em><\/strong>\u00a0que podemos estar. Con\u00a0<strong><em>La dama blanca de Champa\u00f1a<\/em><\/strong>,\u00a0 de la escritora navarra Bego\u00f1a Pro Uriarte, Asier Andueza evidencia los verdaderos intereses de las guerras en su cruzada personal\u00a0<strong><em>De los blancos y de los negros.<\/em><\/strong>\u00a0Y<strong><em>\u00a0La joven y el mar,\u00a0<\/em><\/strong>de Catherine Meurisse, servir\u00e1 a Patxi Larrea para proponernos\u00a0<strong><em>El \u00faltimo silencio<\/em><\/strong>, un delirante viaje entre la vida y la no vida, la ficci\u00f3n y la realidad, lo que pudo haber sido y que, tal vez, nunca ser\u00e1. Estas cuatro dramaturgias conforman un itinerario fant\u00e1stico, un trayecto que solo puede entenderse a trav\u00e9s de los ojos que lo miran, \u00fanicamente a trav\u00e9s de vuestros ojos. Buen viaje.<\/p>","protected":false},"excerpt":{"rendered":"<p>Viaje a la nada\u00a0es un recorrido, un tr\u00e1nsito por cuatro historias que nos acercan diferentes realidades que convergen en un lugar com\u00fan; el extra\u00f1o camino del devenir humano.\u00a0Viaje a la nada\u00a0es una propuesta que nace de la mano de dos dramaturgas y dos dramaturgos para ense\u00f1arnos que, a lo mejor, nada tiene demasiada importancia. El punto de partida [&hellip;]<\/p>","protected":false},"author":1,"featured_media":8294,"comment_status":"open","ping_status":"closed","template":"","tags":[116],"mec_category":[113],"class_list":["post-8326","mec-events","type-mec-events","status-publish","has-post-thumbnail","hentry","tag-esteno","mec_category-compartiendo"],"yoast_head":"<!-- This site is optimized with the Yoast SEO plugin v23.3 - https:\/\/yoast.com\/wordpress\/plugins\/seo\/ -->\n<title>Propuesta teatral &quot;Viaje a la nada&quot; en la Biblioteca de Puente la Reina-Gares (Zona Infantil) - FESTIVAL LITERCREARTE JAIALDIA<\/title>\n<meta name=\"robots\" content=\"index, follow, max-snippet:-1, max-image-preview:large, max-video-preview:-1\" \/>\n<link rel=\"canonical\" href=\"https:\/\/litercreartefestival.com\/eu\/events\/propuesta-teatral-viaje-a-la-nada-en-la-biblioteca-de-puente-la-reina-gares\/\" \/>\n<meta property=\"og:locale\" content=\"en_US\" \/>\n<meta property=\"og:type\" content=\"article\" \/>\n<meta property=\"og:title\" content=\"Propuesta teatral &quot;Viaje a la nada&quot; en la Biblioteca de Puente la Reina-Gares (Zona Infantil) - FESTIVAL LITERCREARTE JAIALDIA\" \/>\n<meta property=\"og:description\" content=\"Viaje a la nada\u00a0es un recorrido, un tr\u00e1nsito por cuatro historias que nos acercan diferentes realidades que convergen en un lugar com\u00fan; el extra\u00f1o camino del devenir humano.\u00a0Viaje a la nada\u00a0es una propuesta que nace de la mano de dos dramaturgas y dos dramaturgos para ense\u00f1arnos que, a lo mejor, nada tiene demasiada importancia. El punto de partida [&hellip;]\" \/>\n<meta property=\"og:url\" content=\"https:\/\/litercreartefestival.com\/eu\/events\/propuesta-teatral-viaje-a-la-nada-en-la-biblioteca-de-puente-la-reina-gares\/\" \/>\n<meta property=\"og:site_name\" content=\"FESTIVAL LITERCREARTE JAIALDIA\" \/>\n<meta property=\"article:modified_time\" content=\"2025-02-07T09:37:44+00:00\" \/>\n<meta property=\"og:image\" content=\"https:\/\/litercreartefestival.com\/wp-content\/uploads\/2025\/01\/literarte_cartel_297x420mm_CAST-AF-scaled.jpg\" \/>\n\t<meta property=\"og:image:width\" content=\"1810\" \/>\n\t<meta property=\"og:image:height\" content=\"2560\" \/>\n\t<meta property=\"og:image:type\" content=\"image\/jpeg\" \/>\n<meta name=\"twitter:card\" content=\"summary_large_image\" \/>\n<meta name=\"twitter:label1\" content=\"Est. reading time\" \/>\n\t<meta name=\"twitter:data1\" content=\"2 minutua\" \/>\n<script type=\"application\/ld+json\" class=\"yoast-schema-graph\">{\"@context\":\"https:\/\/schema.org\",\"@graph\":[{\"@type\":\"WebPage\",\"@id\":\"https:\/\/litercreartefestival.com\/events\/propuesta-teatral-viaje-a-la-nada-en-la-biblioteca-de-puente-la-reina-gares\/\",\"url\":\"https:\/\/litercreartefestival.com\/events\/propuesta-teatral-viaje-a-la-nada-en-la-biblioteca-de-puente-la-reina-gares\/\",\"name\":\"Propuesta teatral \\\"Viaje a la nada\\\" en la Biblioteca de Puente la Reina-Gares (Zona Infantil) - FESTIVAL LITERCREARTE JAIALDIA\",\"isPartOf\":{\"@id\":\"https:\/\/litercreartefestival.com\/#website\"},\"primaryImageOfPage\":{\"@id\":\"https:\/\/litercreartefestival.com\/events\/propuesta-teatral-viaje-a-la-nada-en-la-biblioteca-de-puente-la-reina-gares\/#primaryimage\"},\"image\":{\"@id\":\"https:\/\/litercreartefestival.com\/events\/propuesta-teatral-viaje-a-la-nada-en-la-biblioteca-de-puente-la-reina-gares\/#primaryimage\"},\"thumbnailUrl\":\"https:\/\/litercreartefestival.com\/wp-content\/uploads\/2025\/01\/literarte_cartel_297x420mm_CAST-AF-scaled.jpg\",\"datePublished\":\"2025-01-20T12:33:08+00:00\",\"dateModified\":\"2025-02-07T09:37:44+00:00\",\"breadcrumb\":{\"@id\":\"https:\/\/litercreartefestival.com\/events\/propuesta-teatral-viaje-a-la-nada-en-la-biblioteca-de-puente-la-reina-gares\/#breadcrumb\"},\"inLanguage\":\"eu\",\"potentialAction\":[{\"@type\":\"ReadAction\",\"target\":[\"https:\/\/litercreartefestival.com\/events\/propuesta-teatral-viaje-a-la-nada-en-la-biblioteca-de-puente-la-reina-gares\/\"]}]},{\"@type\":\"ImageObject\",\"inLanguage\":\"eu\",\"@id\":\"https:\/\/litercreartefestival.com\/events\/propuesta-teatral-viaje-a-la-nada-en-la-biblioteca-de-puente-la-reina-gares\/#primaryimage\",\"url\":\"https:\/\/litercreartefestival.com\/wp-content\/uploads\/2025\/01\/literarte_cartel_297x420mm_CAST-AF-scaled.jpg\",\"contentUrl\":\"https:\/\/litercreartefestival.com\/wp-content\/uploads\/2025\/01\/literarte_cartel_297x420mm_CAST-AF-scaled.jpg\",\"width\":1810,\"height\":2560},{\"@type\":\"BreadcrumbList\",\"@id\":\"https:\/\/litercreartefestival.com\/events\/propuesta-teatral-viaje-a-la-nada-en-la-biblioteca-de-puente-la-reina-gares\/#breadcrumb\",\"itemListElement\":[{\"@type\":\"ListItem\",\"position\":1,\"name\":\"Portada\",\"item\":\"https:\/\/litercreartefestival.com\/\"},{\"@type\":\"ListItem\",\"position\":2,\"name\":\"Eventos\",\"item\":\"https:\/\/litercreartefestival.com\/events\/\"},{\"@type\":\"ListItem\",\"position\":3,\"name\":\"Propuesta teatral \u00abViaje a la nada\u00bb en la Biblioteca de Puente la Reina-Gares (Zona Infantil)\"}]},{\"@type\":\"WebSite\",\"@id\":\"https:\/\/litercreartefestival.com\/#website\",\"url\":\"https:\/\/litercreartefestival.com\/\",\"name\":\"FESTIVAL LITERCREARTE JAIALDIA\",\"description\":\"Festival que une teatro y literatura\",\"potentialAction\":[{\"@type\":\"SearchAction\",\"target\":{\"@type\":\"EntryPoint\",\"urlTemplate\":\"https:\/\/litercreartefestival.com\/?s={search_term_string}\"},\"query-input\":\"required name=search_term_string\"}],\"inLanguage\":\"eu\"}]}<\/script>\n<!-- \/ Yoast SEO plugin. -->","yoast_head_json":{"title":"Propuesta teatral \"Viaje a la nada\" en la Biblioteca de Puente la Reina-Gares (Zona Infantil) - FESTIVAL LITERCREARTE JAIALDIA","robots":{"index":"index","follow":"follow","max-snippet":"max-snippet:-1","max-image-preview":"max-image-preview:large","max-video-preview":"max-video-preview:-1"},"canonical":"https:\/\/litercreartefestival.com\/eu\/events\/propuesta-teatral-viaje-a-la-nada-en-la-biblioteca-de-puente-la-reina-gares\/","og_locale":"en_US","og_type":"article","og_title":"Propuesta teatral \"Viaje a la nada\" en la Biblioteca de Puente la Reina-Gares (Zona Infantil) - FESTIVAL LITERCREARTE JAIALDIA","og_description":"Viaje a la nada\u00a0es un recorrido, un tr\u00e1nsito por cuatro historias que nos acercan diferentes realidades que convergen en un lugar com\u00fan; el extra\u00f1o camino del devenir humano.\u00a0Viaje a la nada\u00a0es una propuesta que nace de la mano de dos dramaturgas y dos dramaturgos para ense\u00f1arnos que, a lo mejor, nada tiene demasiada importancia. El punto de partida [&hellip;]","og_url":"https:\/\/litercreartefestival.com\/eu\/events\/propuesta-teatral-viaje-a-la-nada-en-la-biblioteca-de-puente-la-reina-gares\/","og_site_name":"FESTIVAL LITERCREARTE JAIALDIA","article_modified_time":"2025-02-07T09:37:44+00:00","og_image":[{"width":1810,"height":2560,"url":"https:\/\/litercreartefestival.com\/wp-content\/uploads\/2025\/01\/literarte_cartel_297x420mm_CAST-AF-scaled.jpg","type":"image\/jpeg"}],"twitter_card":"summary_large_image","twitter_misc":{"Est. reading time":"2 minutua"},"schema":{"@context":"https:\/\/schema.org","@graph":[{"@type":"WebPage","@id":"https:\/\/litercreartefestival.com\/events\/propuesta-teatral-viaje-a-la-nada-en-la-biblioteca-de-puente-la-reina-gares\/","url":"https:\/\/litercreartefestival.com\/events\/propuesta-teatral-viaje-a-la-nada-en-la-biblioteca-de-puente-la-reina-gares\/","name":"Propuesta teatral \"Viaje a la nada\" en la Biblioteca de Puente la Reina-Gares (Zona Infantil) - FESTIVAL LITERCREARTE JAIALDIA","isPartOf":{"@id":"https:\/\/litercreartefestival.com\/#website"},"primaryImageOfPage":{"@id":"https:\/\/litercreartefestival.com\/events\/propuesta-teatral-viaje-a-la-nada-en-la-biblioteca-de-puente-la-reina-gares\/#primaryimage"},"image":{"@id":"https:\/\/litercreartefestival.com\/events\/propuesta-teatral-viaje-a-la-nada-en-la-biblioteca-de-puente-la-reina-gares\/#primaryimage"},"thumbnailUrl":"https:\/\/litercreartefestival.com\/wp-content\/uploads\/2025\/01\/literarte_cartel_297x420mm_CAST-AF-scaled.jpg","datePublished":"2025-01-20T12:33:08+00:00","dateModified":"2025-02-07T09:37:44+00:00","breadcrumb":{"@id":"https:\/\/litercreartefestival.com\/events\/propuesta-teatral-viaje-a-la-nada-en-la-biblioteca-de-puente-la-reina-gares\/#breadcrumb"},"inLanguage":"eu","potentialAction":[{"@type":"ReadAction","target":["https:\/\/litercreartefestival.com\/events\/propuesta-teatral-viaje-a-la-nada-en-la-biblioteca-de-puente-la-reina-gares\/"]}]},{"@type":"ImageObject","inLanguage":"eu","@id":"https:\/\/litercreartefestival.com\/events\/propuesta-teatral-viaje-a-la-nada-en-la-biblioteca-de-puente-la-reina-gares\/#primaryimage","url":"https:\/\/litercreartefestival.com\/wp-content\/uploads\/2025\/01\/literarte_cartel_297x420mm_CAST-AF-scaled.jpg","contentUrl":"https:\/\/litercreartefestival.com\/wp-content\/uploads\/2025\/01\/literarte_cartel_297x420mm_CAST-AF-scaled.jpg","width":1810,"height":2560},{"@type":"BreadcrumbList","@id":"https:\/\/litercreartefestival.com\/events\/propuesta-teatral-viaje-a-la-nada-en-la-biblioteca-de-puente-la-reina-gares\/#breadcrumb","itemListElement":[{"@type":"ListItem","position":1,"name":"Portada","item":"https:\/\/litercreartefestival.com\/"},{"@type":"ListItem","position":2,"name":"Eventos","item":"https:\/\/litercreartefestival.com\/events\/"},{"@type":"ListItem","position":3,"name":"Propuesta teatral \u00abViaje a la nada\u00bb en la Biblioteca de Puente la Reina-Gares (Zona Infantil)"}]},{"@type":"WebSite","@id":"https:\/\/litercreartefestival.com\/#website","url":"https:\/\/litercreartefestival.com\/","name":"FESTIVAL LITERCREARTE JAIALDIA","description":"Festival que une teatro y literatura","potentialAction":[{"@type":"SearchAction","target":{"@type":"EntryPoint","urlTemplate":"https:\/\/litercreartefestival.com\/?s={search_term_string}"},"query-input":"required name=search_term_string"}],"inLanguage":"eu"}]}},"_links":{"self":[{"href":"https:\/\/litercreartefestival.com\/eu\/wp-json\/wp\/v2\/mec-events\/8326","targetHints":{"allow":["GET"]}}],"collection":[{"href":"https:\/\/litercreartefestival.com\/eu\/wp-json\/wp\/v2\/mec-events"}],"about":[{"href":"https:\/\/litercreartefestival.com\/eu\/wp-json\/wp\/v2\/types\/mec-events"}],"author":[{"embeddable":true,"href":"https:\/\/litercreartefestival.com\/eu\/wp-json\/wp\/v2\/users\/1"}],"replies":[{"embeddable":true,"href":"https:\/\/litercreartefestival.com\/eu\/wp-json\/wp\/v2\/comments?post=8326"}],"wp:featuredmedia":[{"embeddable":true,"href":"https:\/\/litercreartefestival.com\/eu\/wp-json\/wp\/v2\/media\/8294"}],"wp:attachment":[{"href":"https:\/\/litercreartefestival.com\/eu\/wp-json\/wp\/v2\/media?parent=8326"}],"wp:term":[{"taxonomy":"post_tag","embeddable":true,"href":"https:\/\/litercreartefestival.com\/eu\/wp-json\/wp\/v2\/tags?post=8326"},{"taxonomy":"mec_category","embeddable":true,"href":"https:\/\/litercreartefestival.com\/eu\/wp-json\/wp\/v2\/mec_category?post=8326"}],"curies":[{"name":"wp","href":"https:\/\/api.w.org\/{rel}","templated":true}]}}

<p><a href="https://litercreartefestival.com/eu/show-item/viaje-a-la-nada/"><strong><em>Bidaia ezerezera</em></strong></a> es un recorrido, un tránsito por cuatro historias que nos acercan diferentes realidades que convergen en un lugar común; el extraño camino del devenir humano. <strong><em>Bidaia ezerezera </em></strong>es una propuesta que nace de la mano de dos dramaturgas y dos dramaturgos para enseñarnos que, a lo mejor, nada tiene demasiada importancia. El punto de partida es la novela <strong><em>Nada</em></strong>, de Carmen Laforet, de la que Ventura Ruiz ha investigado en su particular<strong> <em>Nada.</em></strong> <strong><em>Lejos</em></strong>, de Rosa Ribas, ha servido a Ana Maestrojuán para describir lo <strong><em>Cerca</em></strong> que podemos estar. Con <strong><em>La dama blanca de Champaña</em></strong>,  de la escritora navarra Begoña Pro Uriarte, Asier Andueza evidencia los verdaderos intereses de las guerras en su cruzada personal <strong><em>De los blancos y de los negros.</em></strong> Y<strong><em> La joven y el mar, </em></strong>de Catherine Meurisse, servirá a Patxi Larrea para proponernos <strong><em>El último silencio</em></strong>, un delirante viaje entre la vida y la no vida, la ficción y la realidad, lo que pudo haber sido y que, tal vez, nunca será. Estas cuatro dramaturgias conforman un itinerario fantástico, un trayecto que solo puede entenderse a través de los ojos que lo miran, únicamente a través de vuestros ojos. Buen viaje.</p>

<p>Viaje a la nada es un recorrido, un tránsito por cuatro historias que nos acercan diferentes realidades que convergen en un lugar común; el extraño camino del devenir humano. Viaje a la nada es una propuesta que nace de la mano de dos dramaturgas y dos dramaturgos para enseñarnos que, a lo mejor, nada tiene demasiada importancia. El punto de partida [&hellip;]</p>

<!-- This site is optimized with the Yoast SEO plugin v23.3 - https://yoast.com/wordpress/plugins/seo/ -->
<title>Propuesta teatral &quot;Viaje a la nada&quot; en la Biblioteca de Puente la Reina-Gares (Zona Infantil) - FESTIVAL LITERCREARTE JAIALDIA</title>
<meta name="robots" content="index, follow, max-snippet:-1, max-image-preview:large, max-video-preview:-1" />
<link rel="canonical" href="https://litercreartefestival.com/eu/events/propuesta-teatral-viaje-a-la-nada-en-la-biblioteca-de-puente-la-reina-gares/" />
<meta property="og:locale" content="en_US" />
<meta property="og:type" content="article" />
<meta property="og:title" content="Propuesta teatral &quot;Viaje a la nada&quot; en la Biblioteca de Puente la Reina-Gares (Zona Infantil) - FESTIVAL LITERCREARTE JAIALDIA" />
<meta property="og:description" content="Viaje a la nada es un recorrido, un tránsito por cuatro historias que nos acercan diferentes realidades que convergen en un lugar común; el extraño camino del devenir humano. Viaje a la nada es una propuesta que nace de la mano de dos dramaturgas y dos dramaturgos para enseñarnos que, a lo mejor, nada tiene demasiada importancia. El punto de partida [&hellip;]" />
<meta property="og:url" content="https://litercreartefestival.com/eu/events/propuesta-teatral-viaje-a-la-nada-en-la-biblioteca-de-puente-la-reina-gares/" />
<meta property="og:site_name" content="FESTIVAL LITERCREARTE JAIALDIA" />
<meta property="article:modified_time" content="2025-02-07T09:37:44+00:00" />
<meta property="og:image" content="https://litercreartefestival.com/wp-content/uploads/2025/01/literarte_cartel_297x420mm_CAST-AF-scaled.jpg" />
	<meta property="og:image:width" content="1810" />
	<meta property="og:image:height" content="2560" />
	<meta property="og:image:type" content="image/jpeg" />
<meta name="twitter:card" content="summary_large_image" />
<meta name="twitter:label1" content="Est. reading time" />
	<meta name="twitter:data1" content="2 minutua" />
<script type="application/ld+json" class="yoast-schema-graph">{"@context":"https://schema.org","@graph":[{"@type":"WebPage","@id":"https://litercreartefestival.com/events/propuesta-teatral-viaje-a-la-nada-en-la-biblioteca-de-puente-la-reina-gares/","url":"https://litercreartefestival.com/events/propuesta-teatral-viaje-a-la-nada-en-la-biblioteca-de-puente-la-reina-gares/","name":"Propuesta teatral \"Viaje a la nada\" en la Biblioteca de Puente la Reina-Gares (Zona Infantil) - FESTIVAL LITERCREARTE JAIALDIA","isPartOf":{"@id":"https://litercreartefestival.com/#website"},"primaryImageOfPage":{"@id":"https://litercreartefestival.com/events/propuesta-teatral-viaje-a-la-nada-en-la-biblioteca-de-puente-la-reina-gares/#primaryimage"},"image":{"@id":"https://litercreartefestival.com/events/propuesta-teatral-viaje-a-la-nada-en-la-biblioteca-de-puente-la-reina-gares/#primaryimage"},"thumbnailUrl":"https://litercreartefestival.com/wp-content/uploads/2025/01/literarte_cartel_297x420mm_CAST-AF-scaled.jpg","datePublished":"2025-01-20T12:33:08+00:00","dateModified":"2025-02-07T09:37:44+00:00","breadcrumb":{"@id":"https://litercreartefestival.com/events/propuesta-teatral-viaje-a-la-nada-en-la-biblioteca-de-puente-la-reina-gares/#breadcrumb"},"inLanguage":"eu","potentialAction":[{"@type":"ReadAction","target":["https://litercreartefestival.com/events/propuesta-teatral-viaje-a-la-nada-en-la-biblioteca-de-puente-la-reina-gares/"]}]},{"@type":"ImageObject","inLanguage":"eu","@id":"https://litercreartefestival.com/events/propuesta-teatral-viaje-a-la-nada-en-la-biblioteca-de-puente-la-reina-gares/#primaryimage","url":"https://litercreartefestival.com/wp-content/uploads/2025/01/literarte_cartel_297x420mm_CAST-AF-scaled.jpg","contentUrl":"https://litercreartefestival.com/wp-content/uploads/2025/01/literarte_cartel_297x420mm_CAST-AF-scaled.jpg","width":1810,"height":2560},{"@type":"BreadcrumbList","@id":"https://litercreartefestival.com/events/propuesta-teatral-viaje-a-la-nada-en-la-biblioteca-de-puente-la-reina-gares/#breadcrumb","itemListElement":[{"@type":"ListItem","position":1,"name":"Portada","item":"https://litercreartefestival.com/"},{"@type":"ListItem","position":2,"name":"Eventos","item":"https://litercreartefestival.com/events/"},{"@type":"ListItem","position":3,"name":"Propuesta teatral «Viaje a la nada» en la Biblioteca de Puente la Reina-Gares (Zona Infantil)"}]},{"@type":"WebSite","@id":"https://litercreartefestival.com/#website","url":"https://litercreartefestival.com/","name":"FESTIVAL LITERCREARTE JAIALDIA","description":"Festival que une teatro y literatura","potentialAction":[{"@type":"SearchAction","target":{"@type":"EntryPoint","urlTemplate":"https://litercreartefestival.com/?s={search_term_string}"},"query-input":"required name=search_term_string"}],"inLanguage":"eu"}]}</script>
<!-- / Yoast SEO plugin. -->

Viaje a la nada es un recorrido, un tránsito por cuatro historias que nos acercan diferentes realidades que convergen en un lugar común; el extraño camino del devenir humano. Viaje a la nada es una propuesta que nace de la mano de dos dramaturgas y dos dramaturgos para enseñarnos que, a lo mejor, nada tiene demasiada importancia. El punto de partida [&hellip;]
