{"id":7053,"date":"2023-01-17T11:14:55","date_gmt":"2023-01-17T11:14:55","guid":{"rendered":"https:\/\/www.produccionesmaestras.com\/?page_id=7053"},"modified":"2024-09-04T18:19:08","modified_gmt":"2024-09-04T18:19:08","slug":"en-la-biblioteca-de-noain","status":"publish","type":"page","link":"https:\/\/litercreartefestival.com\/eu\/en-la-biblioteca-de-noain\/","title":{"rendered":"Noain 2022"},"content":{"rendered":"<div class=\"vc_row wpb_row vc_row-fluid\" ><div class=\"wpb_column vc_column_container vc_col-sm-3\"><div class=\"vc_column-inner\"><div class=\"wpb_wrapper\">\n\t<div  class=\"wpb_single_image wpb_content_element vc_align_left\">\n\t\t\n\t\t<figure class=\"wpb_wrapper vc_figure\">\n\t\t\t<div class=\"vc_single_image-wrapper   vc_box_border_grey\"><img loading=\"lazy\" decoding=\"async\" width=\"300\" height=\"300\" src=\"https:\/\/litercreartefestival.com\/wp-content\/uploads\/2016\/08\/Ana_Maestrojuan_Literarte-300x300.jpg\" class=\"vc_single_image-img attachment-medium\" alt=\"\" srcset=\"https:\/\/litercreartefestival.com\/wp-content\/uploads\/2016\/08\/Ana_Maestrojuan_Literarte-300x300.jpg 300w, https:\/\/litercreartefestival.com\/wp-content\/uploads\/2016\/08\/Ana_Maestrojuan_Literarte-150x150.jpg 150w, https:\/\/litercreartefestival.com\/wp-content\/uploads\/2016\/08\/Ana_Maestrojuan_Literarte-768x768.jpg 768w, https:\/\/litercreartefestival.com\/wp-content\/uploads\/2016\/08\/Ana_Maestrojuan_Literarte-500x500.jpg 500w, https:\/\/litercreartefestival.com\/wp-content\/uploads\/2016\/08\/Ana_Maestrojuan_Literarte-550x550.jpg 550w, https:\/\/litercreartefestival.com\/wp-content\/uploads\/2016\/08\/Ana_Maestrojuan_Literarte.jpg 912w\" sizes=\"auto, (max-width: 300px) 100vw, 300px\" \/><\/div>\n\t\t<\/figure>\n\t<\/div>\n<div class=\"vc_empty_space\"   style=\"height: 32px\"><span class=\"vc_empty_space_inner\"><\/span><\/div>\n\t<div  class=\"wpb_single_image wpb_content_element vc_align_left\">\n\t\t\n\t\t<figure class=\"wpb_wrapper vc_figure\">\n\t\t\t<div class=\"vc_single_image-wrapper   vc_box_border_grey\"><img loading=\"lazy\" decoding=\"async\" width=\"300\" height=\"225\" src=\"https:\/\/litercreartefestival.com\/wp-content\/uploads\/2023\/10\/NOAIN-180523-300x225.jpeg\" class=\"vc_single_image-img attachment-medium\" alt=\"NOAIN 180523\" srcset=\"https:\/\/litercreartefestival.com\/wp-content\/uploads\/2023\/10\/NOAIN-180523-300x225.jpeg 300w, https:\/\/litercreartefestival.com\/wp-content\/uploads\/2023\/10\/NOAIN-180523-1024x768.jpeg 1024w, https:\/\/litercreartefestival.com\/wp-content\/uploads\/2023\/10\/NOAIN-180523-768x576.jpeg 768w, https:\/\/litercreartefestival.com\/wp-content\/uploads\/2023\/10\/NOAIN-180523-1536x1152.jpeg 1536w, https:\/\/litercreartefestival.com\/wp-content\/uploads\/2023\/10\/NOAIN-180523.jpeg 1600w\" sizes=\"auto, (max-width: 300px) 100vw, 300px\" \/><\/div>\n\t\t<\/figure>\n\t<\/div>\n\n\t<div class=\"wpb_text_column wpb_content_element\" >\n\t\t<div class=\"wpb_wrapper\">\n\t\t\t\n\t\t<\/div>\n\t<\/div>\n<\/div><\/div><\/div><div class=\"wpb_column vc_column_container vc_col-sm-9\"><div class=\"vc_column-inner vc_custom_1673956345082\"><div class=\"wpb_wrapper\">\n\t<div  class=\"wpb_single_image wpb_content_element vc_align_center\">\n\t\t\n\t\t<figure class=\"wpb_wrapper vc_figure\">\n\t\t\t<div class=\"vc_single_image-wrapper   vc_box_border_grey\"><\/div>\n\t\t<\/figure>\n\t<\/div>\n<div class=\"vc_empty_space\"   style=\"height: 32px\"><span class=\"vc_empty_space_inner\"><\/span><\/div>\n\t<div class=\"wpb_text_column wpb_content_element\" >\n\t\t<div class=\"wpb_wrapper\">\n\t\t\t<h3 style=\"text-align: center;\"><span style=\"color: #003b5d;\"><strong>&#8230;en la Biblioteca de Noa\u00edn<\/strong><\/span><\/h3>\n\n\t\t<\/div>\n\t<\/div>\n<div class=\"vc_empty_space\"   style=\"height: 32px\"><span class=\"vc_empty_space_inner\"><\/span><\/div>\n\t<div class=\"wpb_text_column wpb_content_element  vc_custom_1673957911179\" >\n\t\t<div class=\"wpb_wrapper\">\n\t\t\t<blockquote>\n<h5><span style=\"color: #003b5d;\"><strong><em>De cuando compartir no suma, multiplica<\/em><\/strong><\/span><\/h5>\n<p><span style=\"color: #003b5d;\"><em>\u00ab<\/em>Siempre se ha comentado como una de las maravillosas caracter\u00edsticas de los clubes de lectura el hecho de conocer otros puntos de vista, poder \u201cleer\u201d y acercarnos a las historias con otros ojos, otras vivencias, otras opiniones. Y cuando parec\u00eda que la experiencia hab\u00eda llegado a su culmen, aparece Ana Maestroju\u00e1n y lo lleva m\u00e1s all\u00e1.<\/span><\/p>\n<p><span style=\"color: #003b5d;\">En las reuniones habituales del club cada persona aporta su visi\u00f3n del libro, su disfrute (o no) con la historia, los personajes y sus actuaciones, sentimientos\u2026 y, por supuesto, resulta muy enriquecedor conocer y descubrir nuevas perspectivas. Sin embargo, nuestro encuentro con Ana supuso un paso m\u00e1s porque Ana, adem\u00e1s de leer el libro para disfrutarlo, lo lee con otro fin: el de crear algo nuevo. Y es aqu\u00ed donde el camino se hace m\u00e1s amplio, m\u00e1s frondoso y mucho m\u00e1s atractivo.<\/span><br \/>\n<span style=\"color: #003b5d;\">Estoy segura de que la meta de este camino nuestro, la representaci\u00f3n de las \u201cperversiones\u201d, aportar\u00e1 sensaciones el\u00e9ctricas, nos conducir\u00e1 a otros lugares y nos aportar\u00e1 desconocidos y sorprendentes saberes. Pero esa es otra historia que, por suerte, llegar\u00e1. Por ahora, puedo asegurar que la experiencia en el compartir fue fascinante y muy cercana.\u00bb<\/span><\/p>\n<p>&nbsp;<\/p>\n<h5><span style=\"color: #003b5d;\"><em><strong>Cristina (Bibliotecaria de No\u00e1in)<\/strong><\/em><\/span><\/h5>\n<\/blockquote>\n\n\t\t<\/div>\n\t<\/div>\n<\/div><\/div><\/div><\/div>","protected":false},"excerpt":{"rendered":"...en la Biblioteca de Noa\u00edn De cuando compartir no suma, multiplica \"Siempre se ha comentado como una de las maravillosas caracter\u00edsticas de los clubes de lectura el hecho de conocer otros puntos de vista, poder \u201cleer\u201d y acercarnos a las historias con otros ojos, otras vivencias, otras opiniones. Y cuando parec\u00eda que la experiencia hab\u00eda llegado a su [...]","protected":false},"author":1,"featured_media":7042,"parent":0,"menu_order":0,"comment_status":"closed","ping_status":"closed","template":"","meta":{"footnotes":""},"class_list":["post-7053","page","type-page","status-publish","has-post-thumbnail","hentry"],"yoast_head":"<!-- This site is optimized with the Yoast SEO plugin v23.3 - https:\/\/yoast.com\/wordpress\/plugins\/seo\/ -->\n<title>Noain 2022 - FESTIVAL LITERCREARTE JAIALDIA<\/title>\n<meta name=\"robots\" content=\"index, follow, max-snippet:-1, max-image-preview:large, max-video-preview:-1\" \/>\n<link rel=\"canonical\" href=\"https:\/\/litercreartefestival.com\/eu\/en-la-biblioteca-de-noain\/\" \/>\n<meta property=\"og:locale\" content=\"en_US\" \/>\n<meta property=\"og:type\" content=\"article\" \/>\n<meta property=\"og:title\" content=\"Noain 2022 - FESTIVAL LITERCREARTE JAIALDIA\" \/>\n<meta property=\"og:url\" content=\"https:\/\/litercreartefestival.com\/eu\/en-la-biblioteca-de-noain\/\" \/>\n<meta property=\"og:site_name\" content=\"FESTIVAL LITERCREARTE JAIALDIA\" \/>\n<meta property=\"article:modified_time\" content=\"2024-09-04T18:19:08+00:00\" \/>\n<meta name=\"twitter:card\" content=\"summary_large_image\" \/>\n<meta name=\"twitter:label1\" content=\"Est. reading time\" \/>\n\t<meta name=\"twitter:data1\" content=\"1 minutua\" \/>\n<script type=\"application\/ld+json\" class=\"yoast-schema-graph\">{\"@context\":\"https:\/\/schema.org\",\"@graph\":[{\"@type\":\"WebPage\",\"@id\":\"https:\/\/litercreartefestival.com\/en-la-biblioteca-de-noain\/\",\"url\":\"https:\/\/litercreartefestival.com\/en-la-biblioteca-de-noain\/\",\"name\":\"Noain 2022 - FESTIVAL LITERCREARTE JAIALDIA\",\"isPartOf\":{\"@id\":\"https:\/\/litercreartefestival.com\/#website\"},\"primaryImageOfPage\":{\"@id\":\"https:\/\/litercreartefestival.com\/en-la-biblioteca-de-noain\/#primaryimage\"},\"image\":{\"@id\":\"https:\/\/litercreartefestival.com\/en-la-biblioteca-de-noain\/#primaryimage\"},\"thumbnailUrl\":\"\",\"datePublished\":\"2023-01-17T11:14:55+00:00\",\"dateModified\":\"2024-09-04T18:19:08+00:00\",\"breadcrumb\":{\"@id\":\"https:\/\/litercreartefestival.com\/en-la-biblioteca-de-noain\/#breadcrumb\"},\"inLanguage\":\"eu\",\"potentialAction\":[{\"@type\":\"ReadAction\",\"target\":[\"https:\/\/litercreartefestival.com\/en-la-biblioteca-de-noain\/\"]}]},{\"@type\":\"ImageObject\",\"inLanguage\":\"eu\",\"@id\":\"https:\/\/litercreartefestival.com\/en-la-biblioteca-de-noain\/#primaryimage\",\"url\":\"\",\"contentUrl\":\"\"},{\"@type\":\"BreadcrumbList\",\"@id\":\"https:\/\/litercreartefestival.com\/en-la-biblioteca-de-noain\/#breadcrumb\",\"itemListElement\":[{\"@type\":\"ListItem\",\"position\":1,\"name\":\"Portada\",\"item\":\"https:\/\/litercreartefestival.com\/\"},{\"@type\":\"ListItem\",\"position\":2,\"name\":\"Noain 2022\"}]},{\"@type\":\"WebSite\",\"@id\":\"https:\/\/litercreartefestival.com\/#website\",\"url\":\"https:\/\/litercreartefestival.com\/\",\"name\":\"FESTIVAL LITERCREARTE JAIALDIA\",\"description\":\"Festival que une teatro y literatura\",\"potentialAction\":[{\"@type\":\"SearchAction\",\"target\":{\"@type\":\"EntryPoint\",\"urlTemplate\":\"https:\/\/litercreartefestival.com\/?s={search_term_string}\"},\"query-input\":\"required name=search_term_string\"}],\"inLanguage\":\"eu\"}]}<\/script>\n<!-- \/ Yoast SEO plugin. -->","yoast_head_json":{"title":"Noain 2022 - FESTIVAL LITERCREARTE JAIALDIA","robots":{"index":"index","follow":"follow","max-snippet":"max-snippet:-1","max-image-preview":"max-image-preview:large","max-video-preview":"max-video-preview:-1"},"canonical":"https:\/\/litercreartefestival.com\/eu\/en-la-biblioteca-de-noain\/","og_locale":"en_US","og_type":"article","og_title":"Noain 2022 - FESTIVAL LITERCREARTE JAIALDIA","og_url":"https:\/\/litercreartefestival.com\/eu\/en-la-biblioteca-de-noain\/","og_site_name":"FESTIVAL LITERCREARTE JAIALDIA","article_modified_time":"2024-09-04T18:19:08+00:00","twitter_card":"summary_large_image","twitter_misc":{"Est. reading time":"1 minutua"},"schema":{"@context":"https:\/\/schema.org","@graph":[{"@type":"WebPage","@id":"https:\/\/litercreartefestival.com\/en-la-biblioteca-de-noain\/","url":"https:\/\/litercreartefestival.com\/en-la-biblioteca-de-noain\/","name":"Noain 2022 - FESTIVAL LITERCREARTE JAIALDIA","isPartOf":{"@id":"https:\/\/litercreartefestival.com\/#website"},"primaryImageOfPage":{"@id":"https:\/\/litercreartefestival.com\/en-la-biblioteca-de-noain\/#primaryimage"},"image":{"@id":"https:\/\/litercreartefestival.com\/en-la-biblioteca-de-noain\/#primaryimage"},"thumbnailUrl":"","datePublished":"2023-01-17T11:14:55+00:00","dateModified":"2024-09-04T18:19:08+00:00","breadcrumb":{"@id":"https:\/\/litercreartefestival.com\/en-la-biblioteca-de-noain\/#breadcrumb"},"inLanguage":"eu","potentialAction":[{"@type":"ReadAction","target":["https:\/\/litercreartefestival.com\/en-la-biblioteca-de-noain\/"]}]},{"@type":"ImageObject","inLanguage":"eu","@id":"https:\/\/litercreartefestival.com\/en-la-biblioteca-de-noain\/#primaryimage","url":"","contentUrl":""},{"@type":"BreadcrumbList","@id":"https:\/\/litercreartefestival.com\/en-la-biblioteca-de-noain\/#breadcrumb","itemListElement":[{"@type":"ListItem","position":1,"name":"Portada","item":"https:\/\/litercreartefestival.com\/"},{"@type":"ListItem","position":2,"name":"Noain 2022"}]},{"@type":"WebSite","@id":"https:\/\/litercreartefestival.com\/#website","url":"https:\/\/litercreartefestival.com\/","name":"FESTIVAL LITERCREARTE JAIALDIA","description":"Festival que une teatro y literatura","potentialAction":[{"@type":"SearchAction","target":{"@type":"EntryPoint","urlTemplate":"https:\/\/litercreartefestival.com\/?s={search_term_string}"},"query-input":"required name=search_term_string"}],"inLanguage":"eu"}]}},"_links":{"self":[{"href":"https:\/\/litercreartefestival.com\/eu\/wp-json\/wp\/v2\/pages\/7053","targetHints":{"allow":["GET"]}}],"collection":[{"href":"https:\/\/litercreartefestival.com\/eu\/wp-json\/wp\/v2\/pages"}],"about":[{"href":"https:\/\/litercreartefestival.com\/eu\/wp-json\/wp\/v2\/types\/page"}],"author":[{"embeddable":true,"href":"https:\/\/litercreartefestival.com\/eu\/wp-json\/wp\/v2\/users\/1"}],"replies":[{"embeddable":true,"href":"https:\/\/litercreartefestival.com\/eu\/wp-json\/wp\/v2\/comments?post=7053"}],"version-history":[{"count":2,"href":"https:\/\/litercreartefestival.com\/eu\/wp-json\/wp\/v2\/pages\/7053\/revisions"}],"predecessor-version":[{"id":7845,"href":"https:\/\/litercreartefestival.com\/eu\/wp-json\/wp\/v2\/pages\/7053\/revisions\/7845"}],"wp:attachment":[{"href":"https:\/\/litercreartefestival.com\/eu\/wp-json\/wp\/v2\/media?parent=7053"}],"curies":[{"name":"wp","href":"https:\/\/api.w.org\/{rel}","templated":true}]}}

<div class="vc_row wpb_row vc_row-fluid" ><div class="wpb_column vc_column_container vc_col-sm-3"><div class="vc_column-inner"><div class="wpb_wrapper">
	<div  class="wpb_single_image wpb_content_element vc_align_left">
		
		<figure class="wpb_wrapper vc_figure">
			<div class="vc_single_image-wrapper   vc_box_border_grey"><img loading="lazy" decoding="async" width="300" height="300" src="https://litercreartefestival.com/wp-content/uploads/2016/08/Ana_Maestrojuan_Literarte-300x300.jpg" class="vc_single_image-img attachment-medium" alt="" srcset="https://litercreartefestival.com/wp-content/uploads/2016/08/Ana_Maestrojuan_Literarte-300x300.jpg 300w, https://litercreartefestival.com/wp-content/uploads/2016/08/Ana_Maestrojuan_Literarte-150x150.jpg 150w, https://litercreartefestival.com/wp-content/uploads/2016/08/Ana_Maestrojuan_Literarte-768x768.jpg 768w, https://litercreartefestival.com/wp-content/uploads/2016/08/Ana_Maestrojuan_Literarte-500x500.jpg 500w, https://litercreartefestival.com/wp-content/uploads/2016/08/Ana_Maestrojuan_Literarte-550x550.jpg 550w, https://litercreartefestival.com/wp-content/uploads/2016/08/Ana_Maestrojuan_Literarte.jpg 912w" sizes="auto, (max-width: 300px) 100vw, 300px" /></div>
		</figure>
	</div>
<div class="vc_empty_space"   style="height: 32px"><span class="vc_empty_space_inner"></span></div>
	<div  class="wpb_single_image wpb_content_element vc_align_left">
		
		<figure class="wpb_wrapper vc_figure">
			<div class="vc_single_image-wrapper   vc_box_border_grey"><img loading="lazy" decoding="async" width="300" height="225" src="https://litercreartefestival.com/wp-content/uploads/2023/10/NOAIN-180523-300x225.jpeg" class="vc_single_image-img attachment-medium" alt="NOAIN 180523" srcset="https://litercreartefestival.com/wp-content/uploads/2023/10/NOAIN-180523-300x225.jpeg 300w, https://litercreartefestival.com/wp-content/uploads/2023/10/NOAIN-180523-1024x768.jpeg 1024w, https://litercreartefestival.com/wp-content/uploads/2023/10/NOAIN-180523-768x576.jpeg 768w, https://litercreartefestival.com/wp-content/uploads/2023/10/NOAIN-180523-1536x1152.jpeg 1536w, https://litercreartefestival.com/wp-content/uploads/2023/10/NOAIN-180523.jpeg 1600w" sizes="auto, (max-width: 300px) 100vw, 300px" /></div>
		</figure>
	</div>

	<div class="wpb_text_column wpb_content_element" >
		<div class="wpb_wrapper">
			
		</div>
	</div>
</div></div></div><div class="wpb_column vc_column_container vc_col-sm-9"><div class="vc_column-inner vc_custom_1673956345082"><div class="wpb_wrapper">
	<div  class="wpb_single_image wpb_content_element vc_align_center">
		
		<figure class="wpb_wrapper vc_figure">
			<div class="vc_single_image-wrapper   vc_box_border_grey"></div>
		</figure>
	</div>
<div class="vc_empty_space"   style="height: 32px"><span class="vc_empty_space_inner"></span></div>
	<div class="wpb_text_column wpb_content_element" >
		<div class="wpb_wrapper">
			<h3 style="text-align: center;"><span style="color: #003b5d;"><strong>&#8230;en la Biblioteca de Noaín</strong></span></h3>

		</div>
	</div>
<div class="vc_empty_space"   style="height: 32px"><span class="vc_empty_space_inner"></span></div>
	<div class="wpb_text_column wpb_content_element  vc_custom_1673957911179" >
		<div class="wpb_wrapper">
			<blockquote>
<h5><span style="color: #003b5d;"><strong><em>De cuando compartir no suma, multiplica</em></strong></span></h5>
<p><span style="color: #003b5d;"><em>«</em>Siempre se ha comentado como una de las maravillosas características de los clubes de lectura el hecho de conocer otros puntos de vista, poder “leer” y acercarnos a las historias con otros ojos, otras vivencias, otras opiniones. Y cuando parecía que la experiencia había llegado a su culmen, aparece Ana Maestrojuán y lo lleva más allá.</span></p>
<p><span style="color: #003b5d;">En las reuniones habituales del club cada persona aporta su visión del libro, su disfrute (o no) con la historia, los personajes y sus actuaciones, sentimientos… y, por supuesto, resulta muy enriquecedor conocer y descubrir nuevas perspectivas. Sin embargo, nuestro encuentro con Ana supuso un paso más porque Ana, además de leer el libro para disfrutarlo, lo lee con otro fin: el de crear algo nuevo. Y es aquí donde el camino se hace más amplio, más frondoso y mucho más atractivo.</span><br />
<span style="color: #003b5d;">Estoy segura de que la meta de este camino nuestro, la representación de las “perversiones”, aportará sensaciones eléctricas, nos conducirá a otros lugares y nos aportará desconocidos y sorprendentes saberes. Pero esa es otra historia que, por suerte, llegará. Por ahora, puedo asegurar que la experiencia en el compartir fue fascinante y muy cercana.»</span></p>
<p>&nbsp;</p>
<h5><span style="color: #003b5d;"><em><strong>Cristina (Bibliotecaria de Noáin)</strong></em></span></h5>
</blockquote>

		</div>
	</div>
</div></div></div></div>

...en la Biblioteca de Noaín De cuando compartir no suma, multiplica "Siempre se ha comentado como una de las maravillosas características de los clubes de lectura el hecho de conocer otros puntos de vista, poder “leer” y acercarnos a las historias con otros ojos, otras vivencias, otras opiniones. Y cuando parecía que la experiencia había llegado a su [...]
