{"id":7543,"date":"2024-01-27T09:30:09","date_gmt":"2024-01-27T09:30:09","guid":{"rendered":"https:\/\/www.produccionesmaestras.com\/?page_id=7543"},"modified":"2024-09-05T12:07:21","modified_gmt":"2024-09-05T12:07:21","slug":"7543-2","status":"publish","type":"page","link":"https:\/\/litercreartefestival.com\/eu\/7543-2\/","title":{"rendered":"Tudela"},"content":{"rendered":"<div class=\"vc_row wpb_row vc_row-fluid\" ><div class=\"wpb_column vc_column_container vc_col-sm-3\"><div class=\"vc_column-inner\"><div class=\"wpb_wrapper\"><div class=\"vc_empty_space\"   style=\"height: 32px\"><span class=\"vc_empty_space_inner\"><\/span><\/div>\n\t<div  class=\"wpb_single_image wpb_content_element vc_align_left\">\n\t\t\n\t\t<figure class=\"wpb_wrapper vc_figure\">\n\t\t\t<div class=\"vc_single_image-wrapper   vc_box_border_grey\"><img loading=\"lazy\" decoding=\"async\" width=\"300\" height=\"300\" src=\"https:\/\/litercreartefestival.com\/wp-content\/uploads\/2016\/08\/Yolanda-Almeida-web-300x300.jpg\" class=\"vc_single_image-img attachment-medium\" alt=\"\" srcset=\"https:\/\/litercreartefestival.com\/wp-content\/uploads\/2016\/08\/Yolanda-Almeida-web-300x300.jpg 300w, https:\/\/litercreartefestival.com\/wp-content\/uploads\/2016\/08\/Yolanda-Almeida-web-150x150.jpg 150w, https:\/\/litercreartefestival.com\/wp-content\/uploads\/2016\/08\/Yolanda-Almeida-web-768x768.jpg 768w, https:\/\/litercreartefestival.com\/wp-content\/uploads\/2016\/08\/Yolanda-Almeida-web-550x550.jpg 550w, https:\/\/litercreartefestival.com\/wp-content\/uploads\/2016\/08\/Yolanda-Almeida-web.jpg 920w\" sizes=\"auto, (max-width: 300px) 100vw, 300px\" \/><\/div>\n\t\t<\/figure>\n\t<\/div>\n<div class=\"vc_empty_space\"   style=\"height: 32px\"><span class=\"vc_empty_space_inner\"><\/span><\/div>\n\t<div  class=\"wpb_single_image wpb_content_element vc_align_left\">\n\t\t\n\t\t<figure class=\"wpb_wrapper vc_figure\">\n\t\t\t<div class=\"vc_single_image-wrapper   vc_box_border_grey\"><img loading=\"lazy\" decoding=\"async\" width=\"300\" height=\"150\" src=\"https:\/\/litercreartefestival.com\/wp-content\/uploads\/2024\/01\/Tudela-OK-300x150.jpg\" class=\"vc_single_image-img attachment-medium\" alt=\"Participantes Literarte Los finales no escritos Tudela 23\/24\" srcset=\"https:\/\/litercreartefestival.com\/wp-content\/uploads\/2024\/01\/Tudela-OK-300x150.jpg 300w, https:\/\/litercreartefestival.com\/wp-content\/uploads\/2024\/01\/Tudela-OK-1024x513.jpg 1024w, https:\/\/litercreartefestival.com\/wp-content\/uploads\/2024\/01\/Tudela-OK-768x385.jpg 768w, https:\/\/litercreartefestival.com\/wp-content\/uploads\/2024\/01\/Tudela-OK-1100x550.jpg 1100w, https:\/\/litercreartefestival.com\/wp-content\/uploads\/2024\/01\/Tudela-OK.jpg 1396w\" sizes=\"auto, (max-width: 300px) 100vw, 300px\" \/><\/div>\n\t\t<\/figure>\n\t<\/div>\n\n\t<div class=\"wpb_text_column wpb_content_element\" >\n\t\t<div class=\"wpb_wrapper\">\n\t\t\t\n\t\t<\/div>\n\t<\/div>\n<\/div><\/div><\/div><div class=\"wpb_column vc_column_container vc_col-sm-9\"><div class=\"vc_column-inner vc_custom_1673956419626\"><div class=\"wpb_wrapper\"><div class=\"vc_empty_space\"   style=\"height: 32px\"><span class=\"vc_empty_space_inner\"><\/span><\/div>\n\t<div  class=\"wpb_single_image wpb_content_element vc_align_center\">\n\t\t\n\t\t<figure class=\"wpb_wrapper vc_figure\">\n\t\t\t<div class=\"vc_single_image-wrapper   vc_box_border_grey\"><\/div>\n\t\t<\/figure>\n\t<\/div>\n<div class=\"vc_empty_space\"   style=\"height: 32px\"><span class=\"vc_empty_space_inner\"><\/span><\/div>\n\t<div class=\"wpb_text_column wpb_content_element\" >\n\t\t<div class=\"wpb_wrapper\">\n\t\t\t<h3 style=\"text-align: center;\"><span style=\"color: #123c5d;\"><strong>&#8230;en la Biblioteca de Tudela<\/strong><\/span><\/h3>\n\n\t\t<\/div>\n\t<\/div>\n<div class=\"vc_empty_space\"   style=\"height: 32px\"><span class=\"vc_empty_space_inner\"><\/span><\/div>\n\t<div class=\"wpb_text_column wpb_content_element\" >\n\t\t<div class=\"wpb_wrapper\">\n\t\t\t<blockquote><p>\n<span style=\"color: #003b5d;\">Este ha sido mi primer a\u00f1o en todo y lo cierto es que al encuentro con los clubs iba sin expectativa, porque no sab\u00eda lo que me iba a encontrar y a la vez con mucho miedo. Pero despu\u00e9s ha sido una experiencia \u00fanica. Disfrutar de poner en com\u00fan nuestras impresiones hacia el libro, de enriquecerse con las ideas y experiencias de los dem\u00e1s, de su propia vida&#8230; Y luego, compartir el texto que hab\u00eda escrito. El silencio, la expectaci\u00f3n de ellas, que les gustase, que se sintieran identificadas.<br \/>\nHa sido y es una de las sensaciones m\u00e1s bonitas que he sentido.<br \/>\nPoder generar este espacio de encuentro a lo largo del proceso ha sido muy gratificante.<\/span>\n<\/p><\/blockquote>\n<p style=\"text-align: center;\"><span style=\"color: #003b5d;\"><em><strong><a style=\"color: #003b5d;\" href=\"https:\/\/www.produccionesmaestras.com\/role-member\/literarte-iratxe-uriz\/\">Yolanda Almeida<\/a><\/strong><\/em><\/span><\/p>\n\n\t\t<\/div>\n\t<\/div>\n\n\t<div class=\"wpb_text_column wpb_content_element\" >\n\t\t<div class=\"wpb_wrapper\">\n\t\t\t\n\t\t<\/div>\n\t<\/div>\n<\/div><\/div><\/div><\/div>","protected":false},"excerpt":{"rendered":"...en la Biblioteca de Tudela Este ha sido mi primer a\u00f1o en todo y lo cierto es que al encuentro con los clubs iba sin expectativa, porque no sab\u00eda lo que me iba a encontrar y a la vez con mucho miedo. Pero despu\u00e9s ha sido una experiencia \u00fanica. Disfrutar de poner en com\u00fan nuestras impresiones hacia el [...]","protected":false},"author":1,"featured_media":7551,"parent":0,"menu_order":0,"comment_status":"closed","ping_status":"closed","template":"","meta":{"footnotes":""},"class_list":["post-7543","page","type-page","status-publish","has-post-thumbnail","hentry"],"yoast_head":"<!-- This site is optimized with the Yoast SEO plugin v23.3 - https:\/\/yoast.com\/wordpress\/plugins\/seo\/ -->\n<title>Tudela - FESTIVAL LITERCREARTE JAIALDIA<\/title>\n<meta name=\"robots\" content=\"index, follow, max-snippet:-1, max-image-preview:large, max-video-preview:-1\" \/>\n<link rel=\"canonical\" href=\"https:\/\/litercreartefestival.com\/eu\/7543-2\/\" \/>\n<meta property=\"og:locale\" content=\"en_US\" \/>\n<meta property=\"og:type\" content=\"article\" \/>\n<meta property=\"og:title\" content=\"Tudela - FESTIVAL LITERCREARTE JAIALDIA\" \/>\n<meta property=\"og:url\" content=\"https:\/\/litercreartefestival.com\/eu\/7543-2\/\" \/>\n<meta property=\"og:site_name\" content=\"FESTIVAL LITERCREARTE JAIALDIA\" \/>\n<meta property=\"article:modified_time\" content=\"2024-09-05T12:07:21+00:00\" \/>\n<meta property=\"og:image\" content=\"https:\/\/litercreartefestival.com\/wp-content\/uploads\/2024\/01\/Tudela-OK.jpg\" \/>\n\t<meta property=\"og:image:width\" content=\"1396\" \/>\n\t<meta property=\"og:image:height\" content=\"700\" \/>\n\t<meta property=\"og:image:type\" content=\"image\/jpeg\" \/>\n<meta name=\"twitter:card\" content=\"summary_large_image\" \/>\n<meta name=\"twitter:label1\" content=\"Est. reading time\" \/>\n\t<meta name=\"twitter:data1\" content=\"1 minutua\" \/>\n<script type=\"application\/ld+json\" class=\"yoast-schema-graph\">{\"@context\":\"https:\/\/schema.org\",\"@graph\":[{\"@type\":\"WebPage\",\"@id\":\"https:\/\/litercreartefestival.com\/7543-2\/\",\"url\":\"https:\/\/litercreartefestival.com\/7543-2\/\",\"name\":\"Tudela - FESTIVAL LITERCREARTE JAIALDIA\",\"isPartOf\":{\"@id\":\"https:\/\/litercreartefestival.com\/#website\"},\"primaryImageOfPage\":{\"@id\":\"https:\/\/litercreartefestival.com\/7543-2\/#primaryimage\"},\"image\":{\"@id\":\"https:\/\/litercreartefestival.com\/7543-2\/#primaryimage\"},\"thumbnailUrl\":\"https:\/\/litercreartefestival.com\/wp-content\/uploads\/2024\/01\/Tudela-OK.jpg\",\"datePublished\":\"2024-01-27T09:30:09+00:00\",\"dateModified\":\"2024-09-05T12:07:21+00:00\",\"breadcrumb\":{\"@id\":\"https:\/\/litercreartefestival.com\/7543-2\/#breadcrumb\"},\"inLanguage\":\"eu\",\"potentialAction\":[{\"@type\":\"ReadAction\",\"target\":[\"https:\/\/litercreartefestival.com\/7543-2\/\"]}]},{\"@type\":\"ImageObject\",\"inLanguage\":\"eu\",\"@id\":\"https:\/\/litercreartefestival.com\/7543-2\/#primaryimage\",\"url\":\"https:\/\/litercreartefestival.com\/wp-content\/uploads\/2024\/01\/Tudela-OK.jpg\",\"contentUrl\":\"https:\/\/litercreartefestival.com\/wp-content\/uploads\/2024\/01\/Tudela-OK.jpg\",\"width\":1396,\"height\":700,\"caption\":\"Participantes Literarte Los finales no escritos Tudela 23\/24\"},{\"@type\":\"BreadcrumbList\",\"@id\":\"https:\/\/litercreartefestival.com\/7543-2\/#breadcrumb\",\"itemListElement\":[{\"@type\":\"ListItem\",\"position\":1,\"name\":\"Portada\",\"item\":\"https:\/\/litercreartefestival.com\/\"},{\"@type\":\"ListItem\",\"position\":2,\"name\":\"Tudela\"}]},{\"@type\":\"WebSite\",\"@id\":\"https:\/\/litercreartefestival.com\/#website\",\"url\":\"https:\/\/litercreartefestival.com\/\",\"name\":\"FESTIVAL LITERCREARTE JAIALDIA\",\"description\":\"Festival que une teatro y literatura\",\"potentialAction\":[{\"@type\":\"SearchAction\",\"target\":{\"@type\":\"EntryPoint\",\"urlTemplate\":\"https:\/\/litercreartefestival.com\/?s={search_term_string}\"},\"query-input\":\"required name=search_term_string\"}],\"inLanguage\":\"eu\"}]}<\/script>\n<!-- \/ Yoast SEO plugin. -->","yoast_head_json":{"title":"Tudela - FESTIVAL LITERCREARTE JAIALDIA","robots":{"index":"index","follow":"follow","max-snippet":"max-snippet:-1","max-image-preview":"max-image-preview:large","max-video-preview":"max-video-preview:-1"},"canonical":"https:\/\/litercreartefestival.com\/eu\/7543-2\/","og_locale":"en_US","og_type":"article","og_title":"Tudela - FESTIVAL LITERCREARTE JAIALDIA","og_url":"https:\/\/litercreartefestival.com\/eu\/7543-2\/","og_site_name":"FESTIVAL LITERCREARTE JAIALDIA","article_modified_time":"2024-09-05T12:07:21+00:00","og_image":[{"width":1396,"height":700,"url":"https:\/\/litercreartefestival.com\/wp-content\/uploads\/2024\/01\/Tudela-OK.jpg","type":"image\/jpeg"}],"twitter_card":"summary_large_image","twitter_misc":{"Est. reading time":"1 minutua"},"schema":{"@context":"https:\/\/schema.org","@graph":[{"@type":"WebPage","@id":"https:\/\/litercreartefestival.com\/7543-2\/","url":"https:\/\/litercreartefestival.com\/7543-2\/","name":"Tudela - FESTIVAL LITERCREARTE JAIALDIA","isPartOf":{"@id":"https:\/\/litercreartefestival.com\/#website"},"primaryImageOfPage":{"@id":"https:\/\/litercreartefestival.com\/7543-2\/#primaryimage"},"image":{"@id":"https:\/\/litercreartefestival.com\/7543-2\/#primaryimage"},"thumbnailUrl":"https:\/\/litercreartefestival.com\/wp-content\/uploads\/2024\/01\/Tudela-OK.jpg","datePublished":"2024-01-27T09:30:09+00:00","dateModified":"2024-09-05T12:07:21+00:00","breadcrumb":{"@id":"https:\/\/litercreartefestival.com\/7543-2\/#breadcrumb"},"inLanguage":"eu","potentialAction":[{"@type":"ReadAction","target":["https:\/\/litercreartefestival.com\/7543-2\/"]}]},{"@type":"ImageObject","inLanguage":"eu","@id":"https:\/\/litercreartefestival.com\/7543-2\/#primaryimage","url":"https:\/\/litercreartefestival.com\/wp-content\/uploads\/2024\/01\/Tudela-OK.jpg","contentUrl":"https:\/\/litercreartefestival.com\/wp-content\/uploads\/2024\/01\/Tudela-OK.jpg","width":1396,"height":700,"caption":"Participantes Literarte Los finales no escritos Tudela 23\/24"},{"@type":"BreadcrumbList","@id":"https:\/\/litercreartefestival.com\/7543-2\/#breadcrumb","itemListElement":[{"@type":"ListItem","position":1,"name":"Portada","item":"https:\/\/litercreartefestival.com\/"},{"@type":"ListItem","position":2,"name":"Tudela"}]},{"@type":"WebSite","@id":"https:\/\/litercreartefestival.com\/#website","url":"https:\/\/litercreartefestival.com\/","name":"FESTIVAL LITERCREARTE JAIALDIA","description":"Festival que une teatro y literatura","potentialAction":[{"@type":"SearchAction","target":{"@type":"EntryPoint","urlTemplate":"https:\/\/litercreartefestival.com\/?s={search_term_string}"},"query-input":"required name=search_term_string"}],"inLanguage":"eu"}]}},"_links":{"self":[{"href":"https:\/\/litercreartefestival.com\/eu\/wp-json\/wp\/v2\/pages\/7543","targetHints":{"allow":["GET"]}}],"collection":[{"href":"https:\/\/litercreartefestival.com\/eu\/wp-json\/wp\/v2\/pages"}],"about":[{"href":"https:\/\/litercreartefestival.com\/eu\/wp-json\/wp\/v2\/types\/page"}],"author":[{"embeddable":true,"href":"https:\/\/litercreartefestival.com\/eu\/wp-json\/wp\/v2\/users\/1"}],"replies":[{"embeddable":true,"href":"https:\/\/litercreartefestival.com\/eu\/wp-json\/wp\/v2\/comments?post=7543"}],"version-history":[{"count":1,"href":"https:\/\/litercreartefestival.com\/eu\/wp-json\/wp\/v2\/pages\/7543\/revisions"}],"predecessor-version":[{"id":7865,"href":"https:\/\/litercreartefestival.com\/eu\/wp-json\/wp\/v2\/pages\/7543\/revisions\/7865"}],"wp:featuredmedia":[{"embeddable":true,"href":"https:\/\/litercreartefestival.com\/eu\/wp-json\/wp\/v2\/media\/7551"}],"wp:attachment":[{"href":"https:\/\/litercreartefestival.com\/eu\/wp-json\/wp\/v2\/media?parent=7543"}],"curies":[{"name":"wp","href":"https:\/\/api.w.org\/{rel}","templated":true}]}}

<div class="vc_row wpb_row vc_row-fluid" ><div class="wpb_column vc_column_container vc_col-sm-3"><div class="vc_column-inner"><div class="wpb_wrapper"><div class="vc_empty_space"   style="height: 32px"><span class="vc_empty_space_inner"></span></div>
	<div  class="wpb_single_image wpb_content_element vc_align_left">
		
		<figure class="wpb_wrapper vc_figure">
			<div class="vc_single_image-wrapper   vc_box_border_grey"><img loading="lazy" decoding="async" width="300" height="300" src="https://litercreartefestival.com/wp-content/uploads/2016/08/Yolanda-Almeida-web-300x300.jpg" class="vc_single_image-img attachment-medium" alt="" srcset="https://litercreartefestival.com/wp-content/uploads/2016/08/Yolanda-Almeida-web-300x300.jpg 300w, https://litercreartefestival.com/wp-content/uploads/2016/08/Yolanda-Almeida-web-150x150.jpg 150w, https://litercreartefestival.com/wp-content/uploads/2016/08/Yolanda-Almeida-web-768x768.jpg 768w, https://litercreartefestival.com/wp-content/uploads/2016/08/Yolanda-Almeida-web-550x550.jpg 550w, https://litercreartefestival.com/wp-content/uploads/2016/08/Yolanda-Almeida-web.jpg 920w" sizes="auto, (max-width: 300px) 100vw, 300px" /></div>
		</figure>
	</div>
<div class="vc_empty_space"   style="height: 32px"><span class="vc_empty_space_inner"></span></div>
	<div  class="wpb_single_image wpb_content_element vc_align_left">
		
		<figure class="wpb_wrapper vc_figure">
			<div class="vc_single_image-wrapper   vc_box_border_grey"><img loading="lazy" decoding="async" width="300" height="150" src="https://litercreartefestival.com/wp-content/uploads/2024/01/Tudela-OK-300x150.jpg" class="vc_single_image-img attachment-medium" alt="Participantes Literarte Los finales no escritos Tudela 23/24" srcset="https://litercreartefestival.com/wp-content/uploads/2024/01/Tudela-OK-300x150.jpg 300w, https://litercreartefestival.com/wp-content/uploads/2024/01/Tudela-OK-1024x513.jpg 1024w, https://litercreartefestival.com/wp-content/uploads/2024/01/Tudela-OK-768x385.jpg 768w, https://litercreartefestival.com/wp-content/uploads/2024/01/Tudela-OK-1100x550.jpg 1100w, https://litercreartefestival.com/wp-content/uploads/2024/01/Tudela-OK.jpg 1396w" sizes="auto, (max-width: 300px) 100vw, 300px" /></div>
		</figure>
	</div>

	<div class="wpb_text_column wpb_content_element" >
		<div class="wpb_wrapper">
			
		</div>
	</div>
</div></div></div><div class="wpb_column vc_column_container vc_col-sm-9"><div class="vc_column-inner vc_custom_1673956419626"><div class="wpb_wrapper"><div class="vc_empty_space"   style="height: 32px"><span class="vc_empty_space_inner"></span></div>
	<div  class="wpb_single_image wpb_content_element vc_align_center">
		
		<figure class="wpb_wrapper vc_figure">
			<div class="vc_single_image-wrapper   vc_box_border_grey"></div>
		</figure>
	</div>
<div class="vc_empty_space"   style="height: 32px"><span class="vc_empty_space_inner"></span></div>
	<div class="wpb_text_column wpb_content_element" >
		<div class="wpb_wrapper">
			<h3 style="text-align: center;"><span style="color: #123c5d;"><strong>&#8230;en la Biblioteca de Tudela</strong></span></h3>

		</div>
	</div>
<div class="vc_empty_space"   style="height: 32px"><span class="vc_empty_space_inner"></span></div>
	<div class="wpb_text_column wpb_content_element" >
		<div class="wpb_wrapper">
			<blockquote><p>
<span style="color: #003b5d;">Este ha sido mi primer año en todo y lo cierto es que al encuentro con los clubs iba sin expectativa, porque no sabía lo que me iba a encontrar y a la vez con mucho miedo. Pero después ha sido una experiencia única. Disfrutar de poner en común nuestras impresiones hacia el libro, de enriquecerse con las ideas y experiencias de los demás, de su propia vida&#8230; Y luego, compartir el texto que había escrito. El silencio, la expectación de ellas, que les gustase, que se sintieran identificadas.<br />
Ha sido y es una de las sensaciones más bonitas que he sentido.<br />
Poder generar este espacio de encuentro a lo largo del proceso ha sido muy gratificante.</span>
</p></blockquote>
<p style="text-align: center;"><span style="color: #003b5d;"><em><strong><a style="color: #003b5d;" href="https://www.produccionesmaestras.com/role-member/literarte-iratxe-uriz/">Yolanda Almeida</a></strong></em></span></p>

		</div>
	</div>

	<div class="wpb_text_column wpb_content_element" >
		<div class="wpb_wrapper">
			
		</div>
	</div>
</div></div></div></div>

...en la Biblioteca de Tudela Este ha sido mi primer año en todo y lo cierto es que al encuentro con los clubs iba sin expectativa, porque no sabía lo que me iba a encontrar y a la vez con mucho miedo. Pero después ha sido una experiencia única. Disfrutar de poner en común nuestras impresiones hacia el [...]
