{"id":7568,"date":"2024-01-27T11:00:15","date_gmt":"2024-01-27T11:00:15","guid":{"rendered":"https:\/\/www.produccionesmaestras.com\/?page_id=7568"},"modified":"2024-09-05T12:05:48","modified_gmt":"2024-09-05T12:05:48","slug":"7568-2","status":"publish","type":"page","link":"https:\/\/litercreartefestival.com\/eu\/7568-2\/","title":{"rendered":"Ablitas"},"content":{"rendered":"<div class=\"vc_row wpb_row vc_row-fluid\" ><div class=\"wpb_column vc_column_container vc_col-sm-3\"><div class=\"vc_column-inner\"><div class=\"wpb_wrapper\"><div class=\"vc_empty_space\"   style=\"height: 32px\"><span class=\"vc_empty_space_inner\"><\/span><\/div>\n\t<div  class=\"wpb_single_image wpb_content_element vc_align_left\">\n\t\t\n\t\t<figure class=\"wpb_wrapper vc_figure\">\n\t\t\t<div class=\"vc_single_image-wrapper   vc_box_border_grey\"><img loading=\"lazy\" decoding=\"async\" width=\"300\" height=\"300\" src=\"https:\/\/litercreartefestival.com\/wp-content\/uploads\/2016\/08\/Miguel-Goikoetxandia-web-300x300.jpg\" class=\"vc_single_image-img attachment-medium\" alt=\"\" srcset=\"https:\/\/litercreartefestival.com\/wp-content\/uploads\/2016\/08\/Miguel-Goikoetxandia-web-300x300.jpg 300w, https:\/\/litercreartefestival.com\/wp-content\/uploads\/2016\/08\/Miguel-Goikoetxandia-web-150x150.jpg 150w, https:\/\/litercreartefestival.com\/wp-content\/uploads\/2016\/08\/Miguel-Goikoetxandia-web-768x768.jpg 768w, https:\/\/litercreartefestival.com\/wp-content\/uploads\/2016\/08\/Miguel-Goikoetxandia-web-550x550.jpg 550w, https:\/\/litercreartefestival.com\/wp-content\/uploads\/2016\/08\/Miguel-Goikoetxandia-web.jpg 912w\" sizes=\"auto, (max-width: 300px) 100vw, 300px\" \/><\/div>\n\t\t<\/figure>\n\t<\/div>\n<div class=\"vc_empty_space\"   style=\"height: 32px\"><span class=\"vc_empty_space_inner\"><\/span><\/div>\n\t<div  class=\"wpb_single_image wpb_content_element vc_align_left\">\n\t\t\n\t\t<figure class=\"wpb_wrapper vc_figure\">\n\t\t\t<div class=\"vc_single_image-wrapper   vc_box_border_grey\"><img loading=\"lazy\" decoding=\"async\" width=\"300\" height=\"115\" src=\"https:\/\/litercreartefestival.com\/wp-content\/uploads\/2024\/01\/Ablitas-OK-300x115.jpg\" class=\"vc_single_image-img attachment-medium\" alt=\"Participantes Literarte Biblioteca Ablitas 2024\" srcset=\"https:\/\/litercreartefestival.com\/wp-content\/uploads\/2024\/01\/Ablitas-OK-300x115.jpg 300w, https:\/\/litercreartefestival.com\/wp-content\/uploads\/2024\/01\/Ablitas-OK-1024x394.jpg 1024w, https:\/\/litercreartefestival.com\/wp-content\/uploads\/2024\/01\/Ablitas-OK-768x295.jpg 768w, https:\/\/litercreartefestival.com\/wp-content\/uploads\/2024\/01\/Ablitas-OK-1536x590.jpg 1536w, https:\/\/litercreartefestival.com\/wp-content\/uploads\/2024\/01\/Ablitas-OK.jpg 1821w\" sizes=\"auto, (max-width: 300px) 100vw, 300px\" \/><\/div>\n\t\t<\/figure>\n\t<\/div>\n\n\t<div class=\"wpb_text_column wpb_content_element\" >\n\t\t<div class=\"wpb_wrapper\">\n\t\t\t\n\t\t<\/div>\n\t<\/div>\n<\/div><\/div><\/div><div class=\"wpb_column vc_column_container vc_col-sm-9\"><div class=\"vc_column-inner vc_custom_1673956419626\"><div class=\"wpb_wrapper\"><div class=\"vc_empty_space\"   style=\"height: 32px\"><span class=\"vc_empty_space_inner\"><\/span><\/div>\n\t<div  class=\"wpb_single_image wpb_content_element vc_align_center\">\n\t\t\n\t\t<figure class=\"wpb_wrapper vc_figure\">\n\t\t\t<div class=\"vc_single_image-wrapper   vc_box_border_grey\"><\/div>\n\t\t<\/figure>\n\t<\/div>\n<div class=\"vc_empty_space\"   style=\"height: 32px\"><span class=\"vc_empty_space_inner\"><\/span><\/div>\n\t<div class=\"wpb_text_column wpb_content_element\" >\n\t\t<div class=\"wpb_wrapper\">\n\t\t\t<h3 style=\"text-align: center;\"><span style=\"color: #123c5d;\"><strong>&#8230;en la Biblioteca de Ablitas<\/strong><\/span><\/h3>\n\n\t\t<\/div>\n\t<\/div>\n<div class=\"vc_empty_space\"   style=\"height: 32px\"><span class=\"vc_empty_space_inner\"><\/span><\/div>\n\t<div class=\"wpb_text_column wpb_content_element\" >\n\t\t<div class=\"wpb_wrapper\">\n\t\t\t<blockquote><p>\n<span style=\"color: #003b5d;\">Este a\u00f1o he podido repetir la experiencia de participar en charlas con tres clubes de lectura.<\/span><br \/>\n<span style=\"color: #003b5d;\">En primer lugar, debo agradecer el trato que me han dado en cada uno de ellos, su amabilidad y su atenci\u00f3n.<\/span><br \/>\n<span style=\"color: #003b5d;\">Todas ven\u00edan con las tareas bien hechas, con el libro repasado y con ganas de compartir.<\/span><br \/>\n<span style=\"color: #003b5d;\">La tem\u00e1tica del libro; un relato sobre la lucha de las mujeres en una \u00e9poca muy complicada, las trabas para desarrollarse, la imposici\u00f3n, la violencia y por otra parte, la ayuda mutua, la empat\u00eda, la espiritualidad y las presencia de los ancestros, daban para mucho. Tantos puntos de vista, como personas all\u00ed estuvimos.<\/span><br \/>\n<span style=\"color: #003b5d;\">En comparaci\u00f3n con el a\u00f1o anterior, los encuentros fueron mucho m\u00e1s largos y provechosos.<\/span><br \/>\n<span style=\"color: #003b5d;\">Creo que \u00ab<strong>El baile de las locas<\/strong>\u00bb es un gran libro por todo lo que genera despu\u00e9s y agradezco la oportunidad a <strong>Literarte<\/strong> por ser parte de ello.<\/span>\n<\/p><\/blockquote>\n<h5 style=\"text-align: center;\"><span style=\"color: #1478a6;\"><em><a style=\"color: #003b5d;\" href=\"https:\/\/www.produccionesmaestras.com\/role-member\/literarte-miguel-goikoetxandia-eus\/\"><strong>Miguel Goikoetxandia<\/strong><\/a><\/em><\/span><\/h5>\n\n\t\t<\/div>\n\t<\/div>\n\n\t<div class=\"wpb_text_column wpb_content_element\" >\n\t\t<div class=\"wpb_wrapper\">\n\t\t\t\n\t\t<\/div>\n\t<\/div>\n<\/div><\/div><\/div><\/div>","protected":false},"excerpt":{"rendered":"...en la Biblioteca de Ablitas Este a\u00f1o he podido repetir la experiencia de participar en charlas con tres clubes de lectura. En primer lugar, debo agradecer el trato que me han dado en cada uno de ellos, su amabilidad y su atenci\u00f3n. Todas ven\u00edan con las tareas bien hechas, con el libro repasado y con ganas de compartir. [...]","protected":false},"author":1,"featured_media":7544,"parent":0,"menu_order":0,"comment_status":"closed","ping_status":"closed","template":"","meta":{"footnotes":""},"class_list":["post-7568","page","type-page","status-publish","has-post-thumbnail","hentry"],"yoast_head":"<!-- This site is optimized with the Yoast SEO plugin v23.3 - https:\/\/yoast.com\/wordpress\/plugins\/seo\/ -->\n<title>Ablitas - FESTIVAL LITERCREARTE JAIALDIA<\/title>\n<meta name=\"robots\" content=\"index, follow, max-snippet:-1, max-image-preview:large, max-video-preview:-1\" \/>\n<link rel=\"canonical\" href=\"https:\/\/litercreartefestival.com\/eu\/7568-2\/\" \/>\n<meta property=\"og:locale\" content=\"en_US\" \/>\n<meta property=\"og:type\" content=\"article\" \/>\n<meta property=\"og:title\" content=\"Ablitas - FESTIVAL LITERCREARTE JAIALDIA\" \/>\n<meta property=\"og:url\" content=\"https:\/\/litercreartefestival.com\/eu\/7568-2\/\" \/>\n<meta property=\"og:site_name\" content=\"FESTIVAL LITERCREARTE JAIALDIA\" \/>\n<meta property=\"article:modified_time\" content=\"2024-09-05T12:05:48+00:00\" \/>\n<meta property=\"og:image\" content=\"https:\/\/litercreartefestival.com\/wp-content\/uploads\/2024\/01\/Ablitas-OK.jpg\" \/>\n\t<meta property=\"og:image:width\" content=\"1821\" \/>\n\t<meta property=\"og:image:height\" content=\"700\" \/>\n\t<meta property=\"og:image:type\" content=\"image\/jpeg\" \/>\n<meta name=\"twitter:card\" content=\"summary_large_image\" \/>\n<meta name=\"twitter:label1\" content=\"Est. reading time\" \/>\n\t<meta name=\"twitter:data1\" content=\"1 minutua\" \/>\n<script type=\"application\/ld+json\" class=\"yoast-schema-graph\">{\"@context\":\"https:\/\/schema.org\",\"@graph\":[{\"@type\":\"WebPage\",\"@id\":\"https:\/\/litercreartefestival.com\/7568-2\/\",\"url\":\"https:\/\/litercreartefestival.com\/7568-2\/\",\"name\":\"Ablitas - FESTIVAL LITERCREARTE JAIALDIA\",\"isPartOf\":{\"@id\":\"https:\/\/litercreartefestival.com\/#website\"},\"primaryImageOfPage\":{\"@id\":\"https:\/\/litercreartefestival.com\/7568-2\/#primaryimage\"},\"image\":{\"@id\":\"https:\/\/litercreartefestival.com\/7568-2\/#primaryimage\"},\"thumbnailUrl\":\"https:\/\/litercreartefestival.com\/wp-content\/uploads\/2024\/01\/Ablitas-OK.jpg\",\"datePublished\":\"2024-01-27T11:00:15+00:00\",\"dateModified\":\"2024-09-05T12:05:48+00:00\",\"breadcrumb\":{\"@id\":\"https:\/\/litercreartefestival.com\/7568-2\/#breadcrumb\"},\"inLanguage\":\"eu\",\"potentialAction\":[{\"@type\":\"ReadAction\",\"target\":[\"https:\/\/litercreartefestival.com\/7568-2\/\"]}]},{\"@type\":\"ImageObject\",\"inLanguage\":\"eu\",\"@id\":\"https:\/\/litercreartefestival.com\/7568-2\/#primaryimage\",\"url\":\"https:\/\/litercreartefestival.com\/wp-content\/uploads\/2024\/01\/Ablitas-OK.jpg\",\"contentUrl\":\"https:\/\/litercreartefestival.com\/wp-content\/uploads\/2024\/01\/Ablitas-OK.jpg\",\"width\":1821,\"height\":700,\"caption\":\"Participantes Literarte Biblioteca Ablitas 2024\"},{\"@type\":\"BreadcrumbList\",\"@id\":\"https:\/\/litercreartefestival.com\/7568-2\/#breadcrumb\",\"itemListElement\":[{\"@type\":\"ListItem\",\"position\":1,\"name\":\"Portada\",\"item\":\"https:\/\/litercreartefestival.com\/\"},{\"@type\":\"ListItem\",\"position\":2,\"name\":\"Ablitas\"}]},{\"@type\":\"WebSite\",\"@id\":\"https:\/\/litercreartefestival.com\/#website\",\"url\":\"https:\/\/litercreartefestival.com\/\",\"name\":\"FESTIVAL LITERCREARTE JAIALDIA\",\"description\":\"Festival que une teatro y literatura\",\"potentialAction\":[{\"@type\":\"SearchAction\",\"target\":{\"@type\":\"EntryPoint\",\"urlTemplate\":\"https:\/\/litercreartefestival.com\/?s={search_term_string}\"},\"query-input\":\"required name=search_term_string\"}],\"inLanguage\":\"eu\"}]}<\/script>\n<!-- \/ Yoast SEO plugin. -->","yoast_head_json":{"title":"Ablitas - FESTIVAL LITERCREARTE JAIALDIA","robots":{"index":"index","follow":"follow","max-snippet":"max-snippet:-1","max-image-preview":"max-image-preview:large","max-video-preview":"max-video-preview:-1"},"canonical":"https:\/\/litercreartefestival.com\/eu\/7568-2\/","og_locale":"en_US","og_type":"article","og_title":"Ablitas - FESTIVAL LITERCREARTE JAIALDIA","og_url":"https:\/\/litercreartefestival.com\/eu\/7568-2\/","og_site_name":"FESTIVAL LITERCREARTE JAIALDIA","article_modified_time":"2024-09-05T12:05:48+00:00","og_image":[{"width":1821,"height":700,"url":"https:\/\/litercreartefestival.com\/wp-content\/uploads\/2024\/01\/Ablitas-OK.jpg","type":"image\/jpeg"}],"twitter_card":"summary_large_image","twitter_misc":{"Est. reading time":"1 minutua"},"schema":{"@context":"https:\/\/schema.org","@graph":[{"@type":"WebPage","@id":"https:\/\/litercreartefestival.com\/7568-2\/","url":"https:\/\/litercreartefestival.com\/7568-2\/","name":"Ablitas - FESTIVAL LITERCREARTE JAIALDIA","isPartOf":{"@id":"https:\/\/litercreartefestival.com\/#website"},"primaryImageOfPage":{"@id":"https:\/\/litercreartefestival.com\/7568-2\/#primaryimage"},"image":{"@id":"https:\/\/litercreartefestival.com\/7568-2\/#primaryimage"},"thumbnailUrl":"https:\/\/litercreartefestival.com\/wp-content\/uploads\/2024\/01\/Ablitas-OK.jpg","datePublished":"2024-01-27T11:00:15+00:00","dateModified":"2024-09-05T12:05:48+00:00","breadcrumb":{"@id":"https:\/\/litercreartefestival.com\/7568-2\/#breadcrumb"},"inLanguage":"eu","potentialAction":[{"@type":"ReadAction","target":["https:\/\/litercreartefestival.com\/7568-2\/"]}]},{"@type":"ImageObject","inLanguage":"eu","@id":"https:\/\/litercreartefestival.com\/7568-2\/#primaryimage","url":"https:\/\/litercreartefestival.com\/wp-content\/uploads\/2024\/01\/Ablitas-OK.jpg","contentUrl":"https:\/\/litercreartefestival.com\/wp-content\/uploads\/2024\/01\/Ablitas-OK.jpg","width":1821,"height":700,"caption":"Participantes Literarte Biblioteca Ablitas 2024"},{"@type":"BreadcrumbList","@id":"https:\/\/litercreartefestival.com\/7568-2\/#breadcrumb","itemListElement":[{"@type":"ListItem","position":1,"name":"Portada","item":"https:\/\/litercreartefestival.com\/"},{"@type":"ListItem","position":2,"name":"Ablitas"}]},{"@type":"WebSite","@id":"https:\/\/litercreartefestival.com\/#website","url":"https:\/\/litercreartefestival.com\/","name":"FESTIVAL LITERCREARTE JAIALDIA","description":"Festival que une teatro y literatura","potentialAction":[{"@type":"SearchAction","target":{"@type":"EntryPoint","urlTemplate":"https:\/\/litercreartefestival.com\/?s={search_term_string}"},"query-input":"required name=search_term_string"}],"inLanguage":"eu"}]}},"_links":{"self":[{"href":"https:\/\/litercreartefestival.com\/eu\/wp-json\/wp\/v2\/pages\/7568","targetHints":{"allow":["GET"]}}],"collection":[{"href":"https:\/\/litercreartefestival.com\/eu\/wp-json\/wp\/v2\/pages"}],"about":[{"href":"https:\/\/litercreartefestival.com\/eu\/wp-json\/wp\/v2\/types\/page"}],"author":[{"embeddable":true,"href":"https:\/\/litercreartefestival.com\/eu\/wp-json\/wp\/v2\/users\/1"}],"replies":[{"embeddable":true,"href":"https:\/\/litercreartefestival.com\/eu\/wp-json\/wp\/v2\/comments?post=7568"}],"version-history":[{"count":1,"href":"https:\/\/litercreartefestival.com\/eu\/wp-json\/wp\/v2\/pages\/7568\/revisions"}],"predecessor-version":[{"id":7860,"href":"https:\/\/litercreartefestival.com\/eu\/wp-json\/wp\/v2\/pages\/7568\/revisions\/7860"}],"wp:featuredmedia":[{"embeddable":true,"href":"https:\/\/litercreartefestival.com\/eu\/wp-json\/wp\/v2\/media\/7544"}],"wp:attachment":[{"href":"https:\/\/litercreartefestival.com\/eu\/wp-json\/wp\/v2\/media?parent=7568"}],"curies":[{"name":"wp","href":"https:\/\/api.w.org\/{rel}","templated":true}]}}

<div class="vc_row wpb_row vc_row-fluid" ><div class="wpb_column vc_column_container vc_col-sm-3"><div class="vc_column-inner"><div class="wpb_wrapper"><div class="vc_empty_space"   style="height: 32px"><span class="vc_empty_space_inner"></span></div>
	<div  class="wpb_single_image wpb_content_element vc_align_left">
		
		<figure class="wpb_wrapper vc_figure">
			<div class="vc_single_image-wrapper   vc_box_border_grey"><img loading="lazy" decoding="async" width="300" height="300" src="https://litercreartefestival.com/wp-content/uploads/2016/08/Miguel-Goikoetxandia-web-300x300.jpg" class="vc_single_image-img attachment-medium" alt="" srcset="https://litercreartefestival.com/wp-content/uploads/2016/08/Miguel-Goikoetxandia-web-300x300.jpg 300w, https://litercreartefestival.com/wp-content/uploads/2016/08/Miguel-Goikoetxandia-web-150x150.jpg 150w, https://litercreartefestival.com/wp-content/uploads/2016/08/Miguel-Goikoetxandia-web-768x768.jpg 768w, https://litercreartefestival.com/wp-content/uploads/2016/08/Miguel-Goikoetxandia-web-550x550.jpg 550w, https://litercreartefestival.com/wp-content/uploads/2016/08/Miguel-Goikoetxandia-web.jpg 912w" sizes="auto, (max-width: 300px) 100vw, 300px" /></div>
		</figure>
	</div>
<div class="vc_empty_space"   style="height: 32px"><span class="vc_empty_space_inner"></span></div>
	<div  class="wpb_single_image wpb_content_element vc_align_left">
		
		<figure class="wpb_wrapper vc_figure">
			<div class="vc_single_image-wrapper   vc_box_border_grey"><img loading="lazy" decoding="async" width="300" height="115" src="https://litercreartefestival.com/wp-content/uploads/2024/01/Ablitas-OK-300x115.jpg" class="vc_single_image-img attachment-medium" alt="Participantes Literarte Biblioteca Ablitas 2024" srcset="https://litercreartefestival.com/wp-content/uploads/2024/01/Ablitas-OK-300x115.jpg 300w, https://litercreartefestival.com/wp-content/uploads/2024/01/Ablitas-OK-1024x394.jpg 1024w, https://litercreartefestival.com/wp-content/uploads/2024/01/Ablitas-OK-768x295.jpg 768w, https://litercreartefestival.com/wp-content/uploads/2024/01/Ablitas-OK-1536x590.jpg 1536w, https://litercreartefestival.com/wp-content/uploads/2024/01/Ablitas-OK.jpg 1821w" sizes="auto, (max-width: 300px) 100vw, 300px" /></div>
		</figure>
	</div>

	<div class="wpb_text_column wpb_content_element" >
		<div class="wpb_wrapper">
			
		</div>
	</div>
</div></div></div><div class="wpb_column vc_column_container vc_col-sm-9"><div class="vc_column-inner vc_custom_1673956419626"><div class="wpb_wrapper"><div class="vc_empty_space"   style="height: 32px"><span class="vc_empty_space_inner"></span></div>
	<div  class="wpb_single_image wpb_content_element vc_align_center">
		
		<figure class="wpb_wrapper vc_figure">
			<div class="vc_single_image-wrapper   vc_box_border_grey"></div>
		</figure>
	</div>
<div class="vc_empty_space"   style="height: 32px"><span class="vc_empty_space_inner"></span></div>
	<div class="wpb_text_column wpb_content_element" >
		<div class="wpb_wrapper">
			<h3 style="text-align: center;"><span style="color: #123c5d;"><strong>&#8230;en la Biblioteca de Ablitas</strong></span></h3>

		</div>
	</div>
<div class="vc_empty_space"   style="height: 32px"><span class="vc_empty_space_inner"></span></div>
	<div class="wpb_text_column wpb_content_element" >
		<div class="wpb_wrapper">
			<blockquote><p>
<span style="color: #003b5d;">Este año he podido repetir la experiencia de participar en charlas con tres clubes de lectura.</span><br />
<span style="color: #003b5d;">En primer lugar, debo agradecer el trato que me han dado en cada uno de ellos, su amabilidad y su atención.</span><br />
<span style="color: #003b5d;">Todas venían con las tareas bien hechas, con el libro repasado y con ganas de compartir.</span><br />
<span style="color: #003b5d;">La temática del libro; un relato sobre la lucha de las mujeres en una época muy complicada, las trabas para desarrollarse, la imposición, la violencia y por otra parte, la ayuda mutua, la empatía, la espiritualidad y las presencia de los ancestros, daban para mucho. Tantos puntos de vista, como personas allí estuvimos.</span><br />
<span style="color: #003b5d;">En comparación con el año anterior, los encuentros fueron mucho más largos y provechosos.</span><br />
<span style="color: #003b5d;">Creo que «<strong>El baile de las locas</strong>» es un gran libro por todo lo que genera después y agradezco la oportunidad a <strong>Literarte</strong> por ser parte de ello.</span>
</p></blockquote>
<h5 style="text-align: center;"><span style="color: #1478a6;"><em><a style="color: #003b5d;" href="https://www.produccionesmaestras.com/role-member/literarte-miguel-goikoetxandia-eus/"><strong>Miguel Goikoetxandia</strong></a></em></span></h5>

		</div>
	</div>

	<div class="wpb_text_column wpb_content_element" >
		<div class="wpb_wrapper">
			
		</div>
	</div>
</div></div></div></div>

...en la Biblioteca de Ablitas Este año he podido repetir la experiencia de participar en charlas con tres clubes de lectura. En primer lugar, debo agradecer el trato que me han dado en cada uno de ellos, su amabilidad y su atención. Todas venían con las tareas bien hechas, con el libro repasado y con ganas de compartir. [...]
