{"id":7695,"date":"2024-03-22T20:05:34","date_gmt":"2024-03-22T20:05:34","guid":{"rendered":"https:\/\/www.produccionesmaestras.com\/?page_id=7695"},"modified":"2024-09-04T18:15:21","modified_gmt":"2024-09-04T18:15:21","slug":"7695-2","status":"publish","type":"page","link":"https:\/\/litercreartefestival.com\/eu\/7695-2\/","title":{"rendered":"Santesteban 2022"},"content":{"rendered":"<div class=\"vc_row wpb_row vc_row-fluid\" ><div class=\"wpb_column vc_column_container vc_col-sm-3\"><div class=\"vc_column-inner\"><div class=\"wpb_wrapper\"><div class=\"vc_empty_space\"   style=\"height: 32px\"><span class=\"vc_empty_space_inner\"><\/span><\/div>\n\t<div  class=\"wpb_single_image wpb_content_element vc_align_left\">\n\t\t\n\t\t<figure class=\"wpb_wrapper vc_figure\">\n\t\t\t<div class=\"vc_single_image-wrapper   vc_box_border_grey\"><img loading=\"lazy\" decoding=\"async\" width=\"300\" height=\"300\" src=\"https:\/\/litercreartefestival.com\/wp-content\/uploads\/2023\/10\/Iratxe-Uriz-web-300x300.jpg\" class=\"vc_single_image-img attachment-medium\" alt=\"Iratxe \u00dariz\" srcset=\"https:\/\/litercreartefestival.com\/wp-content\/uploads\/2023\/10\/Iratxe-Uriz-web-300x300.jpg 300w, https:\/\/litercreartefestival.com\/wp-content\/uploads\/2023\/10\/Iratxe-Uriz-web-150x150.jpg 150w, https:\/\/litercreartefestival.com\/wp-content\/uploads\/2023\/10\/Iratxe-Uriz-web-768x768.jpg 768w, https:\/\/litercreartefestival.com\/wp-content\/uploads\/2023\/10\/Iratxe-Uriz-web-550x550.jpg 550w, https:\/\/litercreartefestival.com\/wp-content\/uploads\/2023\/10\/Iratxe-Uriz-web.jpg 912w\" sizes=\"auto, (max-width: 300px) 100vw, 300px\" \/><\/div>\n\t\t<\/figure>\n\t<\/div>\n<div class=\"vc_empty_space\"   style=\"height: 32px\"><span class=\"vc_empty_space_inner\"><\/span><\/div>\n\t<div  class=\"wpb_single_image wpb_content_element vc_align_left\">\n\t\t\n\t\t<figure class=\"wpb_wrapper vc_figure\">\n\t\t\t<div class=\"vc_single_image-wrapper   vc_box_border_grey\"><img loading=\"lazy\" decoding=\"async\" width=\"300\" height=\"134\" src=\"https:\/\/litercreartefestival.com\/wp-content\/uploads\/2024\/01\/04-03-DONEZTEBE-ENCUENTRO-e1711137719168-300x134.jpeg\" class=\"vc_single_image-img attachment-medium\" alt=\"DONEZTEBE ENCUENTRO 4 de marzo\" srcset=\"https:\/\/litercreartefestival.com\/wp-content\/uploads\/2024\/01\/04-03-DONEZTEBE-ENCUENTRO-e1711137719168-300x134.jpeg 300w, https:\/\/litercreartefestival.com\/wp-content\/uploads\/2024\/01\/04-03-DONEZTEBE-ENCUENTRO-e1711137719168-1024x458.jpeg 1024w, https:\/\/litercreartefestival.com\/wp-content\/uploads\/2024\/01\/04-03-DONEZTEBE-ENCUENTRO-e1711137719168-768x344.jpeg 768w, https:\/\/litercreartefestival.com\/wp-content\/uploads\/2024\/01\/04-03-DONEZTEBE-ENCUENTRO-e1711137719168-1536x687.jpeg 1536w\" sizes=\"auto, (max-width: 300px) 100vw, 300px\" \/><\/div>\n\t\t<\/figure>\n\t<\/div>\n\n\t<div class=\"wpb_text_column wpb_content_element\" >\n\t\t<div class=\"wpb_wrapper\">\n\t\t\t\n\t\t<\/div>\n\t<\/div>\n<\/div><\/div><\/div><div class=\"wpb_column vc_column_container vc_col-sm-9\"><div class=\"vc_column-inner vc_custom_1673956419626\"><div class=\"wpb_wrapper\"><div class=\"vc_empty_space\"   style=\"height: 32px\"><span class=\"vc_empty_space_inner\"><\/span><\/div>\n\t<div  class=\"wpb_single_image wpb_content_element vc_align_center\">\n\t\t\n\t\t<figure class=\"wpb_wrapper vc_figure\">\n\t\t\t<div class=\"vc_single_image-wrapper   vc_box_border_grey\"><\/div>\n\t\t<\/figure>\n\t<\/div>\n<div class=\"vc_empty_space\"   style=\"height: 32px\"><span class=\"vc_empty_space_inner\"><\/span><\/div>\n\t<div class=\"wpb_text_column wpb_content_element\" >\n\t\t<div class=\"wpb_wrapper\">\n\t\t\t<h3 style=\"text-align: center;\"><span style=\"color: #123c5d;\"><strong>&#8230;en la Biblioteca de Santesteban<\/strong><\/span><\/h3>\n\n\t\t<\/div>\n\t<\/div>\n<div class=\"vc_empty_space\"   style=\"height: 32px\"><span class=\"vc_empty_space_inner\"><\/span><\/div>\n\t<div class=\"wpb_text_column wpb_content_element\" >\n\t\t<div class=\"wpb_wrapper\">\n\t\t\t<blockquote><p>\n<span style=\"color: #003b5d;\">Los encuentros en las bibliotecas est\u00e1n siendo unas experiencias muy emocionantes.<\/span><\/p>\n<p><span style=\"color: #003b5d;\">Hay algo m\u00e1s que un encuentro para hablar de los libros asignados. Es hablar de experiencias, de emociones, es compartir parte de las vidas a trav\u00e9s de ese momento y de ese libro. Es sentir la fuerza de la gente (mayor\u00eda siempre, mujeres)que mueven la vida cultural de esos pueblos. Es parte necesaria de \u00e9ste viaje.<\/span>\n<\/p><\/blockquote>\n<p style=\"text-align: center;\"><span style=\"color: #003b5d;\"><em><strong><a style=\"color: #003b5d;\" href=\"https:\/\/www.produccionesmaestras.com\/role-member\/literarte-iratxe-uriz\/\">Iratxe \u00dariz<\/a><\/strong><\/em><\/span><\/p>\n\n\t\t<\/div>\n\t<\/div>\n\n\t<div class=\"wpb_text_column wpb_content_element\" >\n\t\t<div class=\"wpb_wrapper\">\n\t\t\t\n\t\t<\/div>\n\t<\/div>\n<\/div><\/div><\/div><\/div>","protected":false},"excerpt":{"rendered":"...en la Biblioteca de Santesteban Los encuentros en las bibliotecas est\u00e1n siendo unas experiencias muy emocionantes. Hay algo m\u00e1s que un encuentro para hablar de los libros asignados. Es hablar de experiencias, de emociones, es compartir parte de las vidas a trav\u00e9s de ese momento y de ese libro. Es sentir la fuerza de la gente (mayor\u00eda siempre, [...]","protected":false},"author":1,"featured_media":7671,"parent":0,"menu_order":0,"comment_status":"closed","ping_status":"closed","template":"","meta":{"footnotes":""},"class_list":["post-7695","page","type-page","status-publish","has-post-thumbnail","hentry"],"yoast_head":"<!-- This site is optimized with the Yoast SEO plugin v23.3 - https:\/\/yoast.com\/wordpress\/plugins\/seo\/ -->\n<title>Santesteban 2022 - FESTIVAL LITERCREARTE JAIALDIA<\/title>\n<meta name=\"robots\" content=\"index, follow, max-snippet:-1, max-image-preview:large, max-video-preview:-1\" \/>\n<link rel=\"canonical\" href=\"https:\/\/litercreartefestival.com\/eu\/7695-2\/\" \/>\n<meta property=\"og:locale\" content=\"en_US\" \/>\n<meta property=\"og:type\" content=\"article\" \/>\n<meta property=\"og:title\" content=\"Santesteban 2022 - FESTIVAL LITERCREARTE JAIALDIA\" \/>\n<meta property=\"og:url\" content=\"https:\/\/litercreartefestival.com\/eu\/7695-2\/\" \/>\n<meta property=\"og:site_name\" content=\"FESTIVAL LITERCREARTE JAIALDIA\" \/>\n<meta property=\"article:modified_time\" content=\"2024-09-04T18:15:21+00:00\" \/>\n<meta property=\"og:image\" content=\"https:\/\/litercreartefestival.com\/wp-content\/uploads\/2024\/01\/04-03-DONEZTEBE-ENCUENTRO-e1711137719168.jpeg\" \/>\n\t<meta property=\"og:image:width\" content=\"2048\" \/>\n\t<meta property=\"og:image:height\" content=\"916\" \/>\n\t<meta property=\"og:image:type\" content=\"image\/jpeg\" \/>\n<meta name=\"twitter:card\" content=\"summary_large_image\" \/>\n<meta name=\"twitter:label1\" content=\"Est. reading time\" \/>\n\t<meta name=\"twitter:data1\" content=\"1 minutua\" \/>\n<script type=\"application\/ld+json\" class=\"yoast-schema-graph\">{\"@context\":\"https:\/\/schema.org\",\"@graph\":[{\"@type\":\"WebPage\",\"@id\":\"https:\/\/litercreartefestival.com\/7695-2\/\",\"url\":\"https:\/\/litercreartefestival.com\/7695-2\/\",\"name\":\"Santesteban 2022 - FESTIVAL LITERCREARTE JAIALDIA\",\"isPartOf\":{\"@id\":\"https:\/\/litercreartefestival.com\/#website\"},\"primaryImageOfPage\":{\"@id\":\"https:\/\/litercreartefestival.com\/7695-2\/#primaryimage\"},\"image\":{\"@id\":\"https:\/\/litercreartefestival.com\/7695-2\/#primaryimage\"},\"thumbnailUrl\":\"https:\/\/litercreartefestival.com\/wp-content\/uploads\/2024\/01\/04-03-DONEZTEBE-ENCUENTRO-e1711137719168.jpeg\",\"datePublished\":\"2024-03-22T20:05:34+00:00\",\"dateModified\":\"2024-09-04T18:15:21+00:00\",\"breadcrumb\":{\"@id\":\"https:\/\/litercreartefestival.com\/7695-2\/#breadcrumb\"},\"inLanguage\":\"eu\",\"potentialAction\":[{\"@type\":\"ReadAction\",\"target\":[\"https:\/\/litercreartefestival.com\/7695-2\/\"]}]},{\"@type\":\"ImageObject\",\"inLanguage\":\"eu\",\"@id\":\"https:\/\/litercreartefestival.com\/7695-2\/#primaryimage\",\"url\":\"https:\/\/litercreartefestival.com\/wp-content\/uploads\/2024\/01\/04-03-DONEZTEBE-ENCUENTRO-e1711137719168.jpeg\",\"contentUrl\":\"https:\/\/litercreartefestival.com\/wp-content\/uploads\/2024\/01\/04-03-DONEZTEBE-ENCUENTRO-e1711137719168.jpeg\",\"width\":2048,\"height\":916,\"caption\":\"DONEZTEBE ENCUENTRO 4 de marzo\"},{\"@type\":\"BreadcrumbList\",\"@id\":\"https:\/\/litercreartefestival.com\/7695-2\/#breadcrumb\",\"itemListElement\":[{\"@type\":\"ListItem\",\"position\":1,\"name\":\"Portada\",\"item\":\"https:\/\/litercreartefestival.com\/\"},{\"@type\":\"ListItem\",\"position\":2,\"name\":\"Santesteban 2022\"}]},{\"@type\":\"WebSite\",\"@id\":\"https:\/\/litercreartefestival.com\/#website\",\"url\":\"https:\/\/litercreartefestival.com\/\",\"name\":\"FESTIVAL LITERCREARTE JAIALDIA\",\"description\":\"Festival que une teatro y literatura\",\"potentialAction\":[{\"@type\":\"SearchAction\",\"target\":{\"@type\":\"EntryPoint\",\"urlTemplate\":\"https:\/\/litercreartefestival.com\/?s={search_term_string}\"},\"query-input\":\"required name=search_term_string\"}],\"inLanguage\":\"eu\"}]}<\/script>\n<!-- \/ Yoast SEO plugin. -->","yoast_head_json":{"title":"Santesteban 2022 - FESTIVAL LITERCREARTE JAIALDIA","robots":{"index":"index","follow":"follow","max-snippet":"max-snippet:-1","max-image-preview":"max-image-preview:large","max-video-preview":"max-video-preview:-1"},"canonical":"https:\/\/litercreartefestival.com\/eu\/7695-2\/","og_locale":"en_US","og_type":"article","og_title":"Santesteban 2022 - FESTIVAL LITERCREARTE JAIALDIA","og_url":"https:\/\/litercreartefestival.com\/eu\/7695-2\/","og_site_name":"FESTIVAL LITERCREARTE JAIALDIA","article_modified_time":"2024-09-04T18:15:21+00:00","og_image":[{"width":2048,"height":916,"url":"https:\/\/litercreartefestival.com\/wp-content\/uploads\/2024\/01\/04-03-DONEZTEBE-ENCUENTRO-e1711137719168.jpeg","type":"image\/jpeg"}],"twitter_card":"summary_large_image","twitter_misc":{"Est. reading time":"1 minutua"},"schema":{"@context":"https:\/\/schema.org","@graph":[{"@type":"WebPage","@id":"https:\/\/litercreartefestival.com\/7695-2\/","url":"https:\/\/litercreartefestival.com\/7695-2\/","name":"Santesteban 2022 - FESTIVAL LITERCREARTE JAIALDIA","isPartOf":{"@id":"https:\/\/litercreartefestival.com\/#website"},"primaryImageOfPage":{"@id":"https:\/\/litercreartefestival.com\/7695-2\/#primaryimage"},"image":{"@id":"https:\/\/litercreartefestival.com\/7695-2\/#primaryimage"},"thumbnailUrl":"https:\/\/litercreartefestival.com\/wp-content\/uploads\/2024\/01\/04-03-DONEZTEBE-ENCUENTRO-e1711137719168.jpeg","datePublished":"2024-03-22T20:05:34+00:00","dateModified":"2024-09-04T18:15:21+00:00","breadcrumb":{"@id":"https:\/\/litercreartefestival.com\/7695-2\/#breadcrumb"},"inLanguage":"eu","potentialAction":[{"@type":"ReadAction","target":["https:\/\/litercreartefestival.com\/7695-2\/"]}]},{"@type":"ImageObject","inLanguage":"eu","@id":"https:\/\/litercreartefestival.com\/7695-2\/#primaryimage","url":"https:\/\/litercreartefestival.com\/wp-content\/uploads\/2024\/01\/04-03-DONEZTEBE-ENCUENTRO-e1711137719168.jpeg","contentUrl":"https:\/\/litercreartefestival.com\/wp-content\/uploads\/2024\/01\/04-03-DONEZTEBE-ENCUENTRO-e1711137719168.jpeg","width":2048,"height":916,"caption":"DONEZTEBE ENCUENTRO 4 de marzo"},{"@type":"BreadcrumbList","@id":"https:\/\/litercreartefestival.com\/7695-2\/#breadcrumb","itemListElement":[{"@type":"ListItem","position":1,"name":"Portada","item":"https:\/\/litercreartefestival.com\/"},{"@type":"ListItem","position":2,"name":"Santesteban 2022"}]},{"@type":"WebSite","@id":"https:\/\/litercreartefestival.com\/#website","url":"https:\/\/litercreartefestival.com\/","name":"FESTIVAL LITERCREARTE JAIALDIA","description":"Festival que une teatro y literatura","potentialAction":[{"@type":"SearchAction","target":{"@type":"EntryPoint","urlTemplate":"https:\/\/litercreartefestival.com\/?s={search_term_string}"},"query-input":"required name=search_term_string"}],"inLanguage":"eu"}]}},"_links":{"self":[{"href":"https:\/\/litercreartefestival.com\/eu\/wp-json\/wp\/v2\/pages\/7695","targetHints":{"allow":["GET"]}}],"collection":[{"href":"https:\/\/litercreartefestival.com\/eu\/wp-json\/wp\/v2\/pages"}],"about":[{"href":"https:\/\/litercreartefestival.com\/eu\/wp-json\/wp\/v2\/types\/page"}],"author":[{"embeddable":true,"href":"https:\/\/litercreartefestival.com\/eu\/wp-json\/wp\/v2\/users\/1"}],"replies":[{"embeddable":true,"href":"https:\/\/litercreartefestival.com\/eu\/wp-json\/wp\/v2\/comments?post=7695"}],"version-history":[{"count":1,"href":"https:\/\/litercreartefestival.com\/eu\/wp-json\/wp\/v2\/pages\/7695\/revisions"}],"predecessor-version":[{"id":7842,"href":"https:\/\/litercreartefestival.com\/eu\/wp-json\/wp\/v2\/pages\/7695\/revisions\/7842"}],"wp:featuredmedia":[{"embeddable":true,"href":"https:\/\/litercreartefestival.com\/eu\/wp-json\/wp\/v2\/media\/7671"}],"wp:attachment":[{"href":"https:\/\/litercreartefestival.com\/eu\/wp-json\/wp\/v2\/media?parent=7695"}],"curies":[{"name":"wp","href":"https:\/\/api.w.org\/{rel}","templated":true}]}}

<div class="vc_row wpb_row vc_row-fluid" ><div class="wpb_column vc_column_container vc_col-sm-3"><div class="vc_column-inner"><div class="wpb_wrapper"><div class="vc_empty_space"   style="height: 32px"><span class="vc_empty_space_inner"></span></div>
	<div  class="wpb_single_image wpb_content_element vc_align_left">
		
		<figure class="wpb_wrapper vc_figure">
			<div class="vc_single_image-wrapper   vc_box_border_grey"><img loading="lazy" decoding="async" width="300" height="300" src="https://litercreartefestival.com/wp-content/uploads/2023/10/Iratxe-Uriz-web-300x300.jpg" class="vc_single_image-img attachment-medium" alt="Iratxe Úriz" srcset="https://litercreartefestival.com/wp-content/uploads/2023/10/Iratxe-Uriz-web-300x300.jpg 300w, https://litercreartefestival.com/wp-content/uploads/2023/10/Iratxe-Uriz-web-150x150.jpg 150w, https://litercreartefestival.com/wp-content/uploads/2023/10/Iratxe-Uriz-web-768x768.jpg 768w, https://litercreartefestival.com/wp-content/uploads/2023/10/Iratxe-Uriz-web-550x550.jpg 550w, https://litercreartefestival.com/wp-content/uploads/2023/10/Iratxe-Uriz-web.jpg 912w" sizes="auto, (max-width: 300px) 100vw, 300px" /></div>
		</figure>
	</div>
<div class="vc_empty_space"   style="height: 32px"><span class="vc_empty_space_inner"></span></div>
	<div  class="wpb_single_image wpb_content_element vc_align_left">
		
		<figure class="wpb_wrapper vc_figure">
			<div class="vc_single_image-wrapper   vc_box_border_grey"><img loading="lazy" decoding="async" width="300" height="134" src="https://litercreartefestival.com/wp-content/uploads/2024/01/04-03-DONEZTEBE-ENCUENTRO-e1711137719168-300x134.jpeg" class="vc_single_image-img attachment-medium" alt="DONEZTEBE ENCUENTRO 4 de marzo" srcset="https://litercreartefestival.com/wp-content/uploads/2024/01/04-03-DONEZTEBE-ENCUENTRO-e1711137719168-300x134.jpeg 300w, https://litercreartefestival.com/wp-content/uploads/2024/01/04-03-DONEZTEBE-ENCUENTRO-e1711137719168-1024x458.jpeg 1024w, https://litercreartefestival.com/wp-content/uploads/2024/01/04-03-DONEZTEBE-ENCUENTRO-e1711137719168-768x344.jpeg 768w, https://litercreartefestival.com/wp-content/uploads/2024/01/04-03-DONEZTEBE-ENCUENTRO-e1711137719168-1536x687.jpeg 1536w" sizes="auto, (max-width: 300px) 100vw, 300px" /></div>
		</figure>
	</div>

	<div class="wpb_text_column wpb_content_element" >
		<div class="wpb_wrapper">
			
		</div>
	</div>
</div></div></div><div class="wpb_column vc_column_container vc_col-sm-9"><div class="vc_column-inner vc_custom_1673956419626"><div class="wpb_wrapper"><div class="vc_empty_space"   style="height: 32px"><span class="vc_empty_space_inner"></span></div>
	<div  class="wpb_single_image wpb_content_element vc_align_center">
		
		<figure class="wpb_wrapper vc_figure">
			<div class="vc_single_image-wrapper   vc_box_border_grey"></div>
		</figure>
	</div>
<div class="vc_empty_space"   style="height: 32px"><span class="vc_empty_space_inner"></span></div>
	<div class="wpb_text_column wpb_content_element" >
		<div class="wpb_wrapper">
			<h3 style="text-align: center;"><span style="color: #123c5d;"><strong>&#8230;en la Biblioteca de Santesteban</strong></span></h3>

		</div>
	</div>
<div class="vc_empty_space"   style="height: 32px"><span class="vc_empty_space_inner"></span></div>
	<div class="wpb_text_column wpb_content_element" >
		<div class="wpb_wrapper">
			<blockquote><p>
<span style="color: #003b5d;">Los encuentros en las bibliotecas están siendo unas experiencias muy emocionantes.</span></p>
<p><span style="color: #003b5d;">Hay algo más que un encuentro para hablar de los libros asignados. Es hablar de experiencias, de emociones, es compartir parte de las vidas a través de ese momento y de ese libro. Es sentir la fuerza de la gente (mayoría siempre, mujeres)que mueven la vida cultural de esos pueblos. Es parte necesaria de éste viaje.</span>
</p></blockquote>
<p style="text-align: center;"><span style="color: #003b5d;"><em><strong><a style="color: #003b5d;" href="https://www.produccionesmaestras.com/role-member/literarte-iratxe-uriz/">Iratxe Úriz</a></strong></em></span></p>

		</div>
	</div>

	<div class="wpb_text_column wpb_content_element" >
		<div class="wpb_wrapper">
			
		</div>
	</div>
</div></div></div></div>

...en la Biblioteca de Santesteban Los encuentros en las bibliotecas están siendo unas experiencias muy emocionantes. Hay algo más que un encuentro para hablar de los libros asignados. Es hablar de experiencias, de emociones, es compartir parte de las vidas a través de ese momento y de ese libro. Es sentir la fuerza de la gente (mayoría siempre, [...]
